{"id":8041,"date":"2024-07-12T12:00:26","date_gmt":"2024-07-12T15:00:26","guid":{"rendered":"https:\/\/www.fcaglp.unlp.edu.ar\/?page_id=8041"},"modified":"2026-02-10T12:59:16","modified_gmt":"2026-02-10T15:59:16","slug":"insrcipcion-carreras","status":"publish","type":"page","link":"https:\/\/www.fcaglp.unlp.edu.ar\/index.php\/carreras-grado\/ingreso\/insrcipcion-carreras\/","title":{"rendered":"INSCRIPCI\u00d3N A CARRERAS"},"content":{"rendered":"\n<h2 class=\"wp-block-heading\"><strong>INSCRIPCI\u00d3N A<\/strong> <strong>LAS CARRERAS 202<\/strong>6<\/h2>\n\n\n\n<p>Pr\u00f3xima inscripci\u00f3n a las carreras: NOVIEMBRE 2026<\/p>\n\n\n\n<p>Durante ese per\u00edodo los ingresantes podr\u00e1n acceder <strong><a href=\"https:\/\/preinscripcion.guarani.unlp.edu.ar\/\" title=\"\">AQU\u00cd <\/a><\/strong> para completar la inscripci\u00f3n a las carreras:<\/p>\n\n\n\n<ul class=\"wp-block-list\">\n<li>Licenciatura en Astronom\u00eda<\/li>\n\n\n\n<li>Geof\u00edsica<\/li>\n\n\n\n<li>Licenciatura Meteorolog\u00eda y Cs. de la Atm\u00f3sfera<\/li>\n<\/ul>\n\n\n\n<p>Los turnos se dan <strong>desde el 10 de noviembre hasta el 12 de diciembre<\/strong>. Adem\u00e1s, anot\u00e1ndote en esta \u00faltima carrera podr\u00e1s cursar la Tecnicatura en Meteorolog\u00eda, que se obtiene al completar los primeros tres a\u00f1os del Plan de Estudios.<br>Para completar la inscripci\u00f3n deber\u00e1s realizar primero una&nbsp;<em>preinscripci\u00f3n virtual<\/em>&nbsp;(completar la planilla digital del PASO 1) y luego una<em>&nbsp;instancia presencial&nbsp;<\/em>de entrega de documentaci\u00f3n (PASO 2). A continuaci\u00f3n encontrar\u00e1s un instructivo detallado de c\u00f3mo realizar todo el proceso:<\/p>\n\n\n\n<div style=\"height:17px\" aria-hidden=\"true\" class=\"wp-block-spacer\"><\/div>\n\n\n\n<div class=\"wp-block-columns is-layout-flex wp-container-core-columns-is-layout-9d6595d7 wp-block-columns-is-layout-flex\">\n<div class=\"wp-block-column is-layout-flow wp-block-column-is-layout-flow\">\n<h4 class=\"wp-block-heading\">PASO 1: PREINSCRIPCI\u00d3N (modalidad virtual)<\/h4>\n\n\n\n<p>1. Primero deber\u00e1s realizar una preinscripci\u00f3n online (disponible del 10 de noviembre a las 8 horas hasta el 12 de diciembre). Esta preinscripci\u00f3n tendr\u00e1 car\u00e1cter de declaraci\u00f3n jurada.<\/p>\n\n\n\n<ul class=\"wp-block-list\">\n<li>Si ya sos estudiante de la UNLP pero de otra carrera: Deber\u00e1s acceder con tu usuario y contrase\u00f1a de<a href=\"https:\/\/autogestion.guarani.unlp.edu.ar\/\">&nbsp;SIU Guaran\u00ed<\/a>&nbsp;(Si necesit\u00e1s ayuda, pod\u00e9s guiarte con este&nbsp;<a href=\"https:\/\/drive.google.com\/file\/d\/1_aqgUHVHejhKs14jWydEV79egMZ5e9Da\/view?usp=sharing\">instructivo<\/a>).<\/li>\n\n\n\n<li>Si es la primera vez que te inscrib\u00eds en la Universidad Nacional de La Plata, deber\u00e1s<a href=\"https:\/\/preinscripcion.guarani.unlp.edu.ar\/preinscripcion\/general\/?__o=\">&nbsp;generar un nuevo usuario haciendo click aqu\u00ed<\/a>&nbsp;(Si ten\u00e9s alg\u00fan inconveniente, pod\u00e9s&nbsp;<a href=\"https:\/\/drive.google.com\/file\/d\/1D3DkYA8y8EPV4aN0MVnEdsqiFJ39wENj\/view?usp=sharing\">ver este instructivo<\/a>). Si te aparece un error volv\u00e9 a intentar m\u00e1s tarde, ya que la p\u00e1gina podr\u00eda saturarse por la cantidad de ingresos simult\u00e1neos.<\/li>\n<\/ul>\n\n\n\n<p>2. Antes de continuar, revis\u00e1 que tengas a mano en formato digital la documentaci\u00f3n que se te solicitar\u00e1: Ver m\u00e1s abajo el t\u00edtulo DOCUMENTACI\u00d3N.<\/p>\n\n\n\n<p>3. En el \u00faltimo paso de tu preinscripci\u00f3n virtual, deber\u00e1s elegir el d\u00eda en que concurrir\u00e1s a la facultad en forma presencial a confirmar tu preinscripci\u00f3n (PASO 2). Record\u00e1 que si ten\u00e9s dificultades para acercarte, pod\u00e9s solicitar entregar la documentaci\u00f3n en febrero.<\/p>\n\n\n\n<p>4. Guard\u00e1 la constancia de preinscripci\u00f3n que te emita el sistema, ya que deber\u00e1s presentarla impresa cuando concurras en forma presencial en el PASO 2.&nbsp;<\/p>\n\n\n\n<p>5. Una vez que hayas completado los pasos anteriores,&nbsp;<strong>no olvides presionar el bot\u00f3n \u201cFINALIZAR TR\u00c1MITE\u201d&nbsp;<\/strong>que se encuentra arriba a la derecha.<\/p>\n\n\n\n<p>IMPORTANTE: Si necesitamos ponernos en contacto con vos lo haremos a trav\u00e9s del correo electr\u00f3nico que declaraste y, por lo tanto, es importante que lo revises con frecuencia.<\/p>\n\n\n\n<h4 class=\"wp-block-heading\">DOCUMENTACI\u00d3N&nbsp;&nbsp;<\/h4>\n\n\n\n<p>&nbsp;Si sos&nbsp;<strong>estudiante argentino<\/strong>, cuando hagas la preinscripci\u00f3n online deber\u00e1s proporcionarnos en formato digital la siguiente documentaci\u00f3n:<\/p>\n\n\n\n<ul class=\"wp-block-list\">\n<li>Foto o escaneo legible de tu Documento Nacional de Identidad, Libreta de Enrolamiento o C\u00edvica, de ambos lados, corroborando la fecha de vencimiento<\/li>\n\n\n\n<li>Una foto tuya tipo \u201ccarnet\u201d de frente con fondo blanco o liso<\/li>\n\n\n\n<li>Foto o escaneo legible de tu Certificaci\u00f3n o \u201cTitulo-Certificado \u00danico\u201d de estudios secundarios completos (ambas caras) en archivo PDF si lo ten\u00e9s, sino una foto o escaneo legible del certificado del anal\u00edtico en tr\u00e1mite, o certificado de alumno regular en el caso que a\u00fan est\u00e9s cursando el \u00faltimo a\u00f1o del colegio secundario (en caso de que no cuentes con dicha documentaci\u00f3n provisoria, se tomar\u00e1n como v\u00e1lidos los datos que consignaste en la planilla de preinscripci\u00f3n)<\/li>\n\n\n\n<li>Calendario de vacunaci\u00f3n completo acorde a tu edad<\/li>\n<\/ul>\n\n\n\n<p><strong>Los formatos de los documentos anteriores podr\u00e1n ser:&nbsp;<\/strong>JPG, PNG o PDF. M\u00e1s informaci\u00f3n en:<a href=\"https:\/\/drive.google.com\/file\/d\/1npTAB9eIA-L748ZRVGA7_wqR3NsO0Bjf\/view?usp=sharing\">&nbsp;<\/a><a href=\"https:\/\/drive.google.com\/file\/d\/1CIQ0RmJEtGHd3ACwT8sPxHY9V6nn_a8M\/view?usp=sharing\" title=\"\">Resoluci\u00f3n Ingreso 2026.pdf<\/a>.&nbsp;<\/p>\n\n\n\n<p>Si sos&nbsp;<strong>estudiante extranjero<\/strong>, cuando hagas la preinscripci\u00f3n online deber\u00e1s proporcionarnos en formato digital la siguiente documentaci\u00f3n:<\/p>\n\n\n\n<ul class=\"wp-block-list\">\n<li>Foto o escaneo legible de tu Pasaporte\/c\u00e9dula\/DNI\/constancia de identidad equivalente<\/li>\n\n\n\n<li>Una foto tuya tipo \u201ccarnet\u201d de frente con fondo blanco o liso<\/li>\n\n\n\n<li>Foto o escaneo legible del t\u00edtulo secundario (certificado anal\u00edtico de todos los a\u00f1os del nivel secundario con el detalle de las asignaturas y sus respectivas calificaciones) en formato PDF, legalizado por el Ministerio de Educaci\u00f3n de la Naci\u00f3n y Consulado argentino o Apostillado de su pa\u00eds de origen, debidamente convalidado por dicho Ministerio (Montevideo 950, Ciudad Aut\u00f3noma de Buenos Aires). En caso de que el t\u00edtulo no est\u00e9 en espa\u00f1ol, deber\u00e1s presentar la traducci\u00f3n realizada por un Traductor P\u00fablico Nacional<\/li>\n\n\n\n<li>Si tu lengua nativa no es el espa\u00f1ol deber\u00e1s presentar una foto o escaneo legible de la certificaci\u00f3n que acredite un dominio adecuado del idioma. Ten\u00e9 presente que se reconocen como v\u00e1lidos y suficientes el Certificado de Espa\u00f1ol Lengua y Uso (CELU), ofrecido por el Consorcio Interuniversitario ELSE de la Rep\u00fablica Argentina o el Certificado de Espa\u00f1ol Acad\u00e9mico de la Facultad de Humanidades y Ciencias de la Educaci\u00f3n de la UNLP (CertEA).&nbsp;<\/li>\n<\/ul>\n\n\n\n<p><br><strong>Los formatos de los documentos anteriores podr\u00e1n ser:&nbsp;<\/strong>JPG, PNG o PDF. M\u00e1s informaci\u00f3n en:<\/p>\n\n\n\n<div class=\"wp-block-file\"><a id=\"wp-block-file--media-c9a37fdf-a7f5-4276-86e6-f4fd0147e8ec\" href=\"https:\/\/www.fcaglp.unlp.edu.ar\/wp-content\/uploads\/2024\/10\/Res.-1068-24.pdf\">Resoluci\u00f3n Ingreso 2025<\/a><\/div>\n<\/div>\n\n\n\n<div class=\"wp-block-column is-layout-flow wp-block-column-is-layout-flow\">\n<h4 class=\"wp-block-heading\">PASO 2: CONFIRMACI\u00d3N DE LA PREINSCRIPCI\u00d3N (modalidad presencial)<\/h4>\n\n\n\n<p>El d\u00eda que hayas escogido cuando realizaste tu preinscripci\u00f3n (PASO 1) y en el horario asignado deber\u00e1s presentarte en forma PRESENCIAL en nuestra facultad para CONFIRMAR tu preinscripci\u00f3n. Para ello es&nbsp;<strong>indispensable<\/strong>&nbsp;que traigas:&nbsp;<\/p>\n\n\n\n<ul class=\"wp-block-list\">\n<li>DNI original y fotocopia<\/li>\n\n\n\n<li>Constancia de preinscripci\u00f3n (IMPRESA) que obtendr\u00e1s en el PASO 1<\/li>\n\n\n\n<li>Original y fotocopia de la constancia de la escuela secundaria (T\u00edtulo secundario o Certificado de t\u00edtulo en tr\u00e1mite o Certificado de alumno regular) que adjuntaste a tu preinscripci\u00f3n.&nbsp;<\/li>\n<\/ul>\n\n\n\n<p>Adem\u00e1s, pod\u00e9s traer certificaci\u00f3n de vacunas (ver cuadro VACUNAS), pero si a\u00fan no las ten\u00e9s aplicadas ten\u00e9s tiempo para presentarlas hasta agosto de 2026.&nbsp;<\/p>\n\n\n\n<h4 class=\"wp-block-heading\">VACUNAS<\/h4>\n\n\n\n<p><strong><em>&nbsp;<\/em><\/strong>&nbsp;Para tu ingreso a la universidad es obligatorio certificar que cont\u00e1s con una serie de vacunas por medio de tu Libreta Sanitaria o de un certificado emitido por un Organismo Oficial. Las vacunas con las que deb\u00e9s contar son: Hepatitis B, Triple o Doble Bacteriana y Triple Viral. Si ya las ten\u00e9s aplicadas, tra\u00e9 la certificaci\u00f3n o libreta original y fotocopia.<\/p>\n\n\n\n<p>CONSULTAS Si ten\u00e9s alguna duda sobre la inscripci\u00f3n o sobre la documentaci\u00f3n que deb\u00e9s presentar, contactate con el&nbsp;<strong>Departamento de Alumnos&nbsp;<\/strong>a trav\u00e9s del correo electr\u00f3nico&nbsp;<strong>alumnos@fcaglp.unlp.edu.ar<\/strong><\/p>\n<\/div>\n<\/div>\n\n\n\n<p><\/p>\n","protected":false},"excerpt":{"rendered":"<p>INSCRIPCI\u00d3N A LAS CARRERAS 2026 Pr\u00f3xima inscripci\u00f3n a las carreras: NOVIEMBRE 2026 Durante ese per\u00edodo los ingresantes podr\u00e1n acceder AQU\u00cd para completar la inscripci\u00f3n a las carreras: Los turnos se dan desde el 10 de noviembre hasta el 12 de diciembre. Adem\u00e1s, anot\u00e1ndote en esta \u00faltima carrera podr\u00e1s cursar la Tecnicatura en Meteorolog\u00eda, que se&hellip;&nbsp;<a href=\"https:\/\/www.fcaglp.unlp.edu.ar\/index.php\/carreras-grado\/ingreso\/insrcipcion-carreras\/\" rel=\"bookmark\">Read More &raquo;<span class=\"screen-reader-text\">INSCRIPCI\u00d3N A CARRERAS<\/span><\/a><\/p>\n","protected":false},"author":20,"featured_media":0,"parent":5027,"menu_order":0,"comment_status":"closed","ping_status":"closed","template":"","meta":{"neve_meta_sidebar":"","neve_meta_container":"","neve_meta_enable_content_width":"","neve_meta_content_width":0,"neve_meta_title_alignment":"","neve_meta_author_avatar":"","neve_post_elements_order":"","neve_meta_disable_header":"","neve_meta_disable_footer":"","neve_meta_disable_title":"","neve_meta_reading_time":"","_themeisle_gutenberg_block_has_review":false,"footnotes":""},"class_list":["post-8041","page","type-page","status-publish","hentry"],"aioseo_notices":[],"_links":{"self":[{"href":"https:\/\/www.fcaglp.unlp.edu.ar\/index.php\/wp-json\/wp\/v2\/pages\/8041","targetHints":{"allow":["GET"]}}],"collection":[{"href":"https:\/\/www.fcaglp.unlp.edu.ar\/index.php\/wp-json\/wp\/v2\/pages"}],"about":[{"href":"https:\/\/www.fcaglp.unlp.edu.ar\/index.php\/wp-json\/wp\/v2\/types\/page"}],"author":[{"embeddable":true,"href":"https:\/\/www.fcaglp.unlp.edu.ar\/index.php\/wp-json\/wp\/v2\/users\/20"}],"replies":[{"embeddable":true,"href":"https:\/\/www.fcaglp.unlp.edu.ar\/index.php\/wp-json\/wp\/v2\/comments?post=8041"}],"version-history":[{"count":19,"href":"https:\/\/www.fcaglp.unlp.edu.ar\/index.php\/wp-json\/wp\/v2\/pages\/8041\/revisions"}],"predecessor-version":[{"id":15748,"href":"https:\/\/www.fcaglp.unlp.edu.ar\/index.php\/wp-json\/wp\/v2\/pages\/8041\/revisions\/15748"}],"up":[{"embeddable":true,"href":"https:\/\/www.fcaglp.unlp.edu.ar\/index.php\/wp-json\/wp\/v2\/pages\/5027"}],"wp:attachment":[{"href":"https:\/\/www.fcaglp.unlp.edu.ar\/index.php\/wp-json\/wp\/v2\/media?parent=8041"}],"curies":[{"name":"wp","href":"https:\/\/api.w.org\/{rel}","templated":true}]}}