{"id":6883,"date":"2024-06-24T10:57:32","date_gmt":"2024-06-24T13:57:32","guid":{"rendered":"http:\/\/www.fcaglp.unlp.edu.ar\/?page_id=6883"},"modified":"2026-03-05T10:58:15","modified_gmt":"2026-03-05T13:58:15","slug":"seminarios-de-astronomia","status":"publish","type":"page","link":"https:\/\/www.fcaglp.unlp.edu.ar\/index.php\/seminarios-de-astronomia\/","title":{"rendered":"SEMINARIOS"},"content":{"rendered":"\n<div class=\"wp-block-columns is-layout-flex wp-container-core-columns-is-layout-9d6595d7 wp-block-columns-is-layout-flex\">\n<div class=\"wp-block-column is-layout-flow wp-block-column-is-layout-flow\">\n<p><strong><a href=\"https:\/\/www.fcaglp.unlp.edu.ar\/uploads\/docs\/programa_aprendizaje_automatico_profundo.pdf\" title=\"\">Aprendizaje Autom\u00e1tico Profundo (Inform\u00e1tica UNLP)<br><\/a><\/strong>Responsable\/s: Dra. Laura Lanzarini<br>Duraci\u00f3n: Cuatrimestral (Segundo Cuatrimestre)<br>Carga horaria: 60 hs totales<br>Destinado a alumnos de Geof\u00edsica<br>Correlativas: An\u00e1lisis Num\u00e9rico y Programaci\u00f3n, Estad\u00edstica Aplicada<br>Contacto: <a href=\"mailto:laural@info.unlp.edu.ar\">laural@info.unlp.edu.ar<\/a><\/p>\n\n\n\n<p><strong><a href=\"https:\/\/www.fcaglp.unlp.edu.ar\/uploads\/docs\/programa_astro_obser_2023.pdf\" title=\"\">Astronom\u00eda Observacional<br><\/a><\/strong>Responsable\/s: Dr. Gustavo L. Baume, Dr. Bruno De B\u00f3rtoli,<br>Lic. Rodrigo F. Haack<br>Duraci\u00f3n: Anual<br>Carga horaria: 9 hs semanales<br>Destinado a alumnos de Astronom\u00eda<br>Correlativas: Ingl\u00e9s I, Astronom\u00eda Esf\u00e9rica, Astronom\u00eda Estelar, Estad\u00edstica Aplicada<br>Contacto &#8211; P\u00e1gina Web: <a href=\"http:\/\/fcaglp.unlp.edu.ar\/~observacional\/\"><\/a><a href=\"https:\/\/observacional.fcaglp.unlp.edu.ar\/\" target=\"_blank\" rel=\"noreferrer noopener\">https:\/\/observacional.fcaglp.unlp.edu.ar\/<\/a><\/p>\n\n\n\n<p><strong><a href=\"https:\/\/www.fcaglp.unlp.edu.ar\/uploads\/docs\/programa_atmosferas_estelares_i_2024.pdf\" title=\"\">Atm\u00f3sferas Estelares I<br><\/a><\/strong>Responsable\/s: Dra. Lydia S. Cidale, Dr. Roberto O. J. Venero<br>Duraci\u00f3n: Cuatrimestral (Primer Cuatrimestre)<br>Carga horaria: 4 hs de clases te\u00f3ricas y 3 hs de clases pr\u00e1cticas semanales<br>Destinado a alumnos de Astronom\u00eda de grado (con modificaciones para posgrado)<br>Correlativas: Electromagnetismo I (con Final), F\u00edsica Moderna.<br>Contacto: <a href=\"mailto:lydia@fcaglp.fcaglp.unlp.edu.ar\">lydia@fcaglp.fcaglp.unlp.edu.ar<\/a><\/p>\n\n\n\n<p><strong><a href=\"https:\/\/www.fcaglp.unlp.edu.ar\/uploads\/docs\/programa_dinamica_no_lineal_2024.pdf\" title=\"\">Din\u00e1mica No Lineal<br><\/a><\/strong>Responsable\/s: Dr. Pablo M. Cincotta<br>Duraci\u00f3n: Cuatrimestral (Ambos Cuatrimestres)<br>Carga horaria: 4 hs de clases te\u00f3ricas y 2 hs de clases pr\u00e1cticas semanales<br>Destinado a alumnos de Astronom\u00eda\/F\u00edsica y carreras afines<br>Correlativas: Mec\u00e1nica Anal\u00edtica<br>Contacto &#8211; P\u00e1gina Web: <a href=\"http:\/\/fcaglp.unlp.edu.ar\/~pmc\/DNL\/\">http:\/\/fcaglp.unlp.edu.ar\/~pmc\/DNL\/<\/a><\/p>\n\n\n\n<p><strong><a href=\"https:\/\/www.fcaglp.unlp.edu.ar\/uploads\/docs\/programa_electricidad_atmosferica.pdf\" title=\"\">Electricidad Atmosf\u00e9rica y Electrificaci\u00f3n de Tormentas<br><\/a><\/strong>Responsable\/s: Dra. Gabriela Nicora, Ing. Bernardo Eylenstein<br>Duraci\u00f3n: Cuatrimestral (Primer Cuatrimestre)<br>Carga horaria: 5 hs semanales<br>Destinado a alumnos de Geof\u00edsica<br>Correlativas: F\u00edsica General III<br>Contacto: <a href=\"mailto:gnicora@fcaglp.unlp.edu.ar\">gnicora@fcaglp.unlp.edu.ar<\/a> <\/p>\n\n\n\n<p><strong><a href=\"https:\/\/www.fcaglp.unlp.edu.ar\/wp-content\/uploads\/2025\/03\/ELECTROMAGNETISMO-plan.pdf\" title=\"\">Electromagnetismo<br><\/a><\/strong>Responsable: Dra. Mar\u00eda Alejandra De Vito<br>Duraci\u00f3n: Cuatrimestral (Primer Cuatrimestre)<br>Carga horaria: 4 hs de clases te\u00f3ricas y 4 hs de clases pr\u00e1cticas semanales<br>Destinado a alumnos de Astronom\u00eda&nbsp;y Geof\u00edsica<br>Correlativas: Mec\u00e1nica Anal\u00edtica (para alumnos de Astronom\u00eda),&nbsp;F\u00edsica General III y An\u00e1lisis Matem\u00e1tico II (para alumnos&nbsp;de Geof\u00edsica)<br>Contacto &#8211; P\u00e1gina Web:&nbsp;<a href=\"http:\/\/electromagnetismo.fcaglp.unlp.edu.ar\/\" target=\"_blank\" rel=\"noreferrer noopener\">http:\/\/electromagnetismo.fcaglp.unlp.edu.ar\/<\/a><br><br><strong><a href=\"https:\/\/www.fcaglp.unlp.edu.ar\/uploads\/docs\/programa_elem_comp_2023.pdf\" title=\"\">Elementos de Astronom\u00eda Computacional<br><\/a><\/strong>Responsable: Dr. Mario Daniel Melita<br>Duraci\u00f3n: Cuatrimestral (Primer Cuatrimestre)<br>Carga horaria: 4 hs de clases te\u00f3ricas y 3 hs de clases pr\u00e1cticas semanales<br>Destinado a alumnos de Astronom\u00eda<br>Correlativas: An\u00e1lisis Num\u00e9rico I, Mec\u00e1nica Anal\u00edtica<br>Contacto: <a href=\"mailto:melita@iafe.uba.ar\">melita@iafe.uba.ar<\/a> o <a href=\"mailto:melita@fcaglp.unlp.edu.ar\">melita@fcaglp.unlp.edu.ar<\/a><\/p>\n\n\n\n<p><strong><a href=\"https:\/\/www.fcaglp.unlp.edu.ar\/wp-content\/uploads\/2025\/03\/SEMINARIO_Elementos-de-Gestion-Ambiental.pdf\" title=\"\">Elementos de Gesti\u00f3n Ambiental<br><\/a><\/strong>Responsable\/s: Dr.&nbsp;Jer\u00f3nimo Ainchil<br>Duraci\u00f3n:&nbsp;semestral (2do. cuatrimestre)<br>Carga horaria:&nbsp;4 hs semanales te\u00f3rico\/pr\u00e1ctico &#8211;&nbsp;60 horas totales&nbsp;<br>Destinado a alumnos de Geof\u00edsica&nbsp;<br>Correlativas: Geof\u00edsica General y&nbsp;Fundamentos de Geolog\u00eda<br>Contacto:&nbsp;<a href=\"mailto:seminariogestionambientalUNLP@gmail.com\" target=\"_blank\" rel=\"noreferrer noopener\">seminariogestionambientalUNLP@gmail.com<\/a><\/p>\n\n\n\n<p><strong><a href=\"https:\/\/www.fcaglp.unlp.edu.ar\/uploads\/docs\/programa_espacio_transnep_2023.pdf\" title=\"\">El Espacio Transneptuniano<br><\/a><\/strong>Responsable\/s: Dra. Romina Di Sisto, Dr. Gonzalo de El\u00eda<br>Duraci\u00f3n: Cuatrimestral<br>Carga horaria: 96 horas en total<br>Destinado a alumnos de Astronom\u00eda<br>Correlativas: Mec\u00e1nica Celeste, Origen y Evoluci\u00f3n del Sistema Solar<br>Contacto: <a href=\"mailto:romina@fcaglp.unlp.edu.ar\">romina@fcaglp.unlp.edu.ar<\/a><br><br><strong><a href=\"https:\/\/www.fcaglp.unlp.edu.ar\/uploads\/docs\/programa_filosofia_cientifica_2024.pdf\" title=\"\">Filosof\u00eda Cient\u00edfica<br><\/a><\/strong>Responsable\/s: Dr. Gustavo Romero, Dra. Sof\u00eda Cora, Dra. Florencia Vieyro, Lic. Pablo Sotomayor<br>Duraci\u00f3n: Cuatrimestral (Primer Cuatrimestre)<br>Carga horaria: 4 hs semanales y aplicaciones pr\u00e1cticas<br>Destinado a alumnos de Astronom\u00eda y Ciencias en general. Tambi\u00e9n puede ser de inter\u00e9s para alumnos de filosof\u00eda.<br>Correlativas: conocimientos b\u00e1sicos de matem\u00e1ticas y l\u00f3gica.<br>Contacto &#8211; P\u00e1gina Web: <a href=\"http:\/\/astrofrelat.fcaglp.unlp.edu.ar\/filosofia_cientifica\/\">http:\/\/astrofrelat.fcaglp.unlp.edu.ar\/filosofia_cientifica\/<\/a><\/p>\n\n\n\n<p><strong><a href=\"https:\/\/www.fcaglp.unlp.edu.ar\/uploads\/docs\/programa_filosofia_de__las_ciencias_fahce.pdf\" title=\"\">Filosof\u00eda de las Ciencias (Facultad de Humanidades y Ciencias de la Educaci\u00f3n de la UNLP)<br><\/a><\/strong>Responsable\/s: Dra. M. Aurelia Di Berardino<br>Duraci\u00f3n: Segundo Cuatrimestre<br>Carga horaria: 96 hs<br>Destinado a alumnos de Geof\u00edsica<br>Correlativas:<br>Contacto:<br><br><strong><a href=\"https:\/\/www.fcaglp.unlp.edu.ar\/uploads\/docs\/seminario_fisica_de_rocas_2024.pdf\" title=\"\">F\u00edsica de Rocas &#8211; Modelos y Aplicaciones<br><\/a><\/strong>Responsable\/s: Dra. Claudia L. Ravazzoli<br>Duraci\u00f3n: semestral (2do. cuatrimestre)<br>Carga horaria: 4 horas semanales te\u00f3rico\/pr\u00e1ctico &#8211; 64 horas totales<br>Destinado a alumnos de Geof\u00edsica<br>Correlativas: Sismolog\u00eda<br>Contacto: <a href=\"mailto:claudia@fcaglp.unlp.edu.ar\">claudia@fcaglp.unlp.edu.ar<\/a>, <a href=\"mailto:claudia_rava@yahoo.com.ar\">claudia_rava@yahoo.com.ar<\/a><br><br><strong><a href=\"https:\/\/www.fcaglp.unlp.edu.ar\/uploads\/docs\/programa_feg_2023.pdf\">Formaci\u00f3n y Evoluci\u00f3n de Galaxias<br><\/a><\/strong>Responsable\/s: Dra. Sof\u00eda A. Cora<br>Duraci\u00f3n: Cuatrimestral (Primer Cuatrimestre)<br>Carga horaria: 4 hs de clases te\u00f3ricas semanales<br>Destinado a alumnos de Astronom\u00eda de grado (con modificaciones para posgrado)<br>Correlativas: Sistemas Estelares, Elementos de Astrof\u00edsica Te\u00f3rica<br>Contacto: <a href=\"mailto:sacora@fcaglp.unlp.edu.ar\">sacora@fcaglp.unlp.edu.ar<\/a>, <a href=\"mailto:cursofeg@gmail.com\">cursofeg@gmail.com<\/a><\/p>\n\n\n\n<p><strong><a href=\"https:\/\/www.fcaglp.unlp.edu.ar\/uploads\/docs\/programa_fcd.pdf\" title=\"\">Fundamentos de Ciencia de Datos<br><\/a><\/strong>Responsable\/s: Dra. Erika Gularte Scarone, Dr. Gustavo Baume<br>Duraci\u00f3n: Primer Semestre<br>Carga horaria: 64 hs (4 hs. semanales, te\u00f3rico-pr\u00e1ctico)<br>Destinado a: Alumnos de grado y posgrado de las carreras de Astronom\u00eda , de Geof\u00edsica y de Meteorolog\u00eda y Ciencias de la Atm\u00f3sfera<br>Correlativas: Computaci\u00f3n para la Lic. en Astronom\u00eda y la Lic. en Meteorolog\u00eda y Ciencias de la Atm\u00f3sfera. An\u00e1lisis Num\u00e9rico y Programaci\u00f3n para Geof\u00edsica.<br>Contacto: <a href=\"mailto:erika@fcaglp.unlp.edu.ar\">erika@fcaglp.unlp.edu.ar<\/a><br>P\u00e1gina Web: <a href=\"http:\/\/fcd.fcaglp.unlp.edu.ar\/\">http:\/\/fcd.fcaglp.unlp.edu.ar\/<\/a><\/p>\n\n\n\n<p><strong><a href=\"https:\/\/www.fcaglp.unlp.edu.ar\/uploads\/docs\/programa_fundamentos_teo_met_electromag_de_prospeccion_2023.pdf\" title=\"\">Fundamentos te\u00f3ricos de los m\u00e9todos electromagn\u00e9ticos de prospecci\u00f3n<br><\/a><\/strong>Responsable\/s: Dr. Fabio Zyserman<br>Duraci\u00f3n: Primer\/Segundo Semestre<br>Carga horaria: 5 hs semanales<br>Destinado a alumnos de Geof\u00edsica<br>Correlativas: F\u00edsica General III, Matem\u00e1ticas Especiales II<br>Contacto: <a href=\"mailto:zyserman@fcaglp.unlp.edu.ar\">zyserman@fcaglp.unlp.edu.ar<\/a><br><br><a href=\"https:\/\/www.fcaglp.unlp.edu.ar\/uploads\/docs\/herramientas_computacionales.pdf\" title=\"\"><strong>Herramientas Computacionales para Cient\u00edficos<br><\/strong><\/a>Responsable\/s: C. Manuel Carlevaro y Ramiro M. Irastorza.<br>Duraci\u00f3n: Segundo semestre.<br>Carga horaria: 4 horas semanales<br>Destinado a alumnos de: Licenciatura en Astronom\u00eda, Geof\u00edsica, Meteorolog\u00eda y Ciencias de la Atm\u00f3sfera.<br>Correlativas:<br>Contacto &#8211; P\u00e1gina Web: <a href=\"mailto:manuel.carlevaro@gmail.com\">manuel.carlevaro@gmail.com<\/a>, <a href=\"mailto:ramiro.m.irastorza@gmail.com\">ramiro.m.irastorza@gmail.com<\/a><br><a href=\"https:\/\/web.iflysib.unlp.edu.ar\/herramientas-computacionales-para-cientificos-hcc-edicion-2024\/\">https:\/\/web.iflysib.unlp.edu.ar\/herramientas-computacionales-para-cientificos-hcc-edicion-2024\/<\/a><\/p>\n\n\n\n<p><strong><a href=\"https:\/\/www.fcaglp.unlp.edu.ar\/wp-content\/uploads\/2025\/03\/Seminario-IDENTIFICACION-ASTROMETRICA_PROGRAMA-2.pdf\" title=\"\">Identificaci\u00f3n astrom\u00e9trica de grupos estelares en movimiento<\/a><\/strong><br>Responsable\/s: Mar\u00eda Silvina De Biasi y Rosa Beatriz Orellana<br>Docente invitado: Leonardo G. Pa\u00edz<br>Duraci\u00f3n: semestral<br>Carga horaria: 4 horas semanales<br>Destinado a alumnos de Licenciatura en Astronom\u00eda<br>Correlativas: Astronom\u00eda Esf\u00e9rica y Sistemas Estelares<br>Contacto:&nbsp;<a href=\"mailto:debiasi@fcaglp.unlp.edu.ar\" target=\"_blank\" rel=\"noreferrer noopener\">debiasi@fcaglp.unlp.edu.ar<\/a>,&nbsp;<a href=\"mailto:lpaiz@fcaglp.unlp.edu.ar\" target=\"_blank\" rel=\"noreferrer noopener\">lpaiz@fcaglp.unlp.edu.ar<\/a><\/p>\n\n\n\n<p><strong><a href=\"https:\/\/www.fcaglp.unlp.edu.ar\/wp-content\/uploads\/2025\/03\/programa_Instrumentos-y-Metodos-de-Observacion-Oceanograficos.pdf\" title=\"\">Instrumentos y M\u00e9todos de Observaci\u00f3n Oceanogr\u00e1ficos<br><\/a><\/strong>Responsable\/s:&nbsp;Licenciado en Oceanograf\u00eda Gabriel Iv\u00e1n Danieli<br>Duraci\u00f3n:&nbsp;2do cuatrimestre<br>Carga horaria:&nbsp;6 horas de teor\u00eda y 4 horas de pr\u00e1ctica&nbsp;(128 horas totales)<br>Destinado a alumnos de Geof\u00edsica<br>Correlativas: F\u00edsica General II, Referenciaci\u00f3n en Geof\u00edsica, F\u00edsica de la Atm\u00f3sfera y Meteorolog\u00eda<br>Contacto y\/o P\u00e1gina Web: <a href=\"mailto:gdanieli@essa.com.ar\" target=\"_blank\" rel=\"noreferrer noopener\">gdanieli@essa.com.ar<\/a><br><br><br><\/p>\n<\/div>\n\n\n\n<div class=\"wp-block-column is-layout-flow wp-block-column-is-layout-flow\">\n<p><strong><a href=\"https:\/\/www.fcaglp.unlp.edu.ar\/wp-content\/uploads\/2025\/03\/Programa_intro_astrofis_agujeros_negros.pdf\" title=\"\">Introducci\u00f3n a la Astrof\u00edsica de Agujeros Negros<br><\/a><\/strong>Responsable\/s: Dr. Gustavo Romero, Dra. Sof\u00eda Cora, Dra. Florencia Vieyro, Lic. Pablo Sotomayor<br>Duraci\u00f3n: Cuatrimestral (Primer Cuatrimestre)<br>Carga horaria: 4 hs semanales de clases te\u00f3ricas y 2 hs de clases pr\u00e1cticas semanales<br>Destinado a alumnos de Astronom\u00eda y F\u00edsica<br>Correlativas: Electromagnetismo II &#8211; Mec\u00e1nica Cu\u00e1ntica<br>Contacto &#8211; P\u00e1gina Web: <a href=\"https:\/\/www.fcaglp.unlp.edu.ar\/astrofrelat\/\">https:\/\/www.fcaglp.unlp.edu.ar\/astrofrelat\/<\/a><br><br><strong><a href=\"https:\/\/www.fcaglp.unlp.edu.ar\/uploads\/docs\/programa_intro_a_la_astro_de_rayos_x_2023.pdf\" title=\"\">Introducci\u00f3n a la Astronom\u00eda de rayos &#8211; X<br><\/a><\/strong>Responsable\/s: Dr. Jorge Combi<br>Duraci\u00f3n: Semestral (Primer Semestre)<br>Carga horaria: 4 hs de clases te\u00f3ricas y 4 hs de clases pr\u00e1cticas semanales<br>Destinado a alumnos de Licenciatura en Astronom\u00eda y F\u00edsica<br>Correlativas: Astronom\u00eda General y Computaci\u00f3n<br>Contacto: <a href=\"mailto:jcombi@fcaglp.unlp.edu.ar\">jcombi@fcaglp.unlp.edu.ar<\/a><br><br><strong><a href=\"https:\/\/www.fcaglp.unlp.edu.ar\/uploads\/docs\/programa_seminario_intro_radio_mili_sub_2023.pdf\" title=\"\">Introducci\u00f3n a la Radioastronom\u00eda Milim\u00e9trica y Submilim\u00e9trica<br><\/a><\/strong>Responsable\/s: Dra. Silvina Cichowolski, Dra. Laura A. Suad<br>Duraci\u00f3n: Cuatrimestral (Segundo Cuatrimestre)<br>Carga horaria: 4 hs semanales<br>Destinado a alumnos de Astronom\u00eda (grado y posgrado)<br>Correlativas: Medio Interestelar o Radioastronom\u00eda<br>Contacto: <a href=\"mailto:scichowolski@fcaglp.unlp.edu.ar\">scichowolski@fcaglp.unlp.edu.ar<\/a>, <a href=\"mailto:silcicho@gmail.com\">silcicho@gmail.com<\/a><br>P\u00e1gina Web: <a href=\"http:\/\/www.iafe.uba.ar\/u\/seminario-web\/\">www.iafe.uba.ar\/u\/seminario-web\/<\/a><\/p>\n\n\n\n<p><strong><a href=\"https:\/\/www.fcaglp.unlp.edu.ar\/wp-content\/uploads\/2025\/03\/GRAVITACION.pdf\" title=\"\">Introducci\u00f3n a la Relatividad General (Gravitaci\u00f3n) &#8211; Cs. Exactas<br><\/a><\/strong>Responsable\/s:&nbsp;Dr.&nbsp;Adri\u00e1n Ren\u00e9 Lugo&nbsp;<br>Duraci\u00f3n: cuatrimestral (2do cuatrimestre)<br>Carga horaria: 8&nbsp;horas semanales&nbsp;<br>Destinado a alumnos de: Licenciatura en Astronom\u00eda<br>Correlativas: Electromagnetismo II <br>P\u00e1gina Web:&nbsp;<a href=\"http:\/\/www.fisica.unlp.edu.ar\/materias\/relatividadgeneral\" target=\"_blank\" rel=\"noreferrer noopener\">http:\/\/www.fisica.unlp.edu.ar\/materias\/relatividadgeneral<\/a><\/p>\n\n\n\n<p><a href=\"https:\/\/www.fcaglp.unlp.edu.ar\/wp-content\/uploads\/2025\/08\/Programa_Sismologia_Volcanica.pdf\" title=\"\"><strong>Introducci\u00f3n a la Sismolog\u00eda Volc\u00e1nica<\/strong><br><\/a>Responsable\/s: Dra. Gabriela Badi<br>Duraci\u00f3n: Cuatrimestral (Segundo Cuatrimestre)<br>Carga horaria: 64 hs<br>Destinado a alumnos de Geof\u00edsica<br>Correlativas: Sismolog\u00eda, F\u00edsica del Interior Terrestre<br>Contacto:&nbsp;<a href=\"mailto:badi.gabriela@gmail.com\" target=\"_blank\" rel=\"noreferrer noopener\">badi.gabriela@gmail.com<\/a><br><br><strong><a href=\"https:\/\/www.fcaglp.unlp.edu.ar\/uploads\/docs\/programa_mareas_terrestres_2023.pdf\" title=\"\">Mareas Terrestres<br><\/a><\/strong>Responsable\/s: Dr. Andreas Richter<br>Duraci\u00f3n: semestral (16 semanas)<br>Carga horaria: 4 hs semanales<br>Destinado a alumnos de Astronom\u00eda<br>Contacto: <a href=\"mailto:arichter@fcaglp.unlp.edu.ar\">arichter@fcaglp.unlp.edu.ar<\/a><\/p>\n\n\n\n<p><strong><a href=\"https:\/\/www.fcaglp.unlp.edu.ar\/uploads\/docs\/programa_mineria_de_datos_informatica.pdf\" title=\"\">Miner\u00eda de datos utilizando sistemas inteligentes (Inform\u00e1tica UNLP)<br><\/a><\/strong>Responsable\/s: Dra. Laura Lanzarini<br>Duraci\u00f3n: Cuatrimestral (Primer Cuatrimestre)<br>Carga horaria: 4 hs semanales<br>Destinado a alumnos de Geof\u00edsica (inscripci\u00f3n con cupo)<br>Correlativas: An\u00e1lisis Num\u00e9rico y Programaci\u00f3n, Estad\u00edstica Aplicada<br>Contacto: <a href=\"http:\/\/weblidi.info.unlp.edu.ar\/catedras\/md_si\/index.htm\">http:\/\/weblidi.info.unlp.edu.ar\/catedras\/md_si\/index.htm<\/a><br><br><strong><a href=\"https:\/\/www.fcaglp.unlp.edu.ar\/uploads\/docs\/programa_monitoreo_remoto_iono_termo_2023.pdf\" title=\"\">Monitoreo remoto de la ionosfera-termosfera: radar de dispersi\u00f3n incoherente<br><\/a><\/strong>Responsable\/s: Dra. Erika Gularte Scarone<br>Duraci\u00f3n: Segundo Semestre<br>Carga horaria: 8 hs semanales (te\u00f3rico-pr\u00e1ctico)<br>Destinado a alumnos de grado y posgrado de las carreras de Astronom\u00eda, Geof\u00edsica y Meteorolog\u00eda<br>Correlativas: F\u00edsica General III y Matem\u00e1ticas Especiales II para la Lic. en Astronom\u00eda y para Geof\u00edsica. F\u00edsica General III y Matem\u00e1ticas Avanzada para la Lic. en Meteorolog\u00eda<br>Contacto: <a href=\"mailto:erika@fcaglp.unlp.edu.ar\">erika@fcaglp.unlp.edu.ar<\/a><\/p>\n\n\n\n<p><strong><a href=\"https:\/\/www.fcaglp.unlp.edu.ar\/wp-content\/uploads\/2025\/03\/optica_astro.pdf\" title=\"\">\u00d3ptica Astron\u00f3mica<br><\/a><\/strong>Responsable\/s: Dr. Guillermo L. Bosch<br>Duraci\u00f3n: Cuatrimestral (Primer Semestre)<br>Carga horaria: 4 hs de clases te\u00f3rico-pr\u00e1cticas semanales<br>Destinado a alumnos de Astronom\u00eda<br>Correlativas: An\u00e1lisis Matem\u00e1tico II, F\u00edsica General III<br>Contacto: guille@fcaglp.unlp.edu.ar<\/p>\n\n\n\n<p><strong><a href=\"https:\/\/www.fcaglp.unlp.edu.ar\/wp-content\/uploads\/2025\/03\/Origen-y-Ev-de-Sist-Plan-1.pdf\" title=\"\">Origen y Evoluci\u00f3n de Sistemas Planetarios<br><\/a><\/strong>Responsable\/s:&nbsp;Dr. Gonzalo de El\u00eda<br>Duraci\u00f3n:&nbsp;Cuatrimestral (Segundo Cuatrimestre)<br>Carga horaria:&nbsp;4 hs semanales<br>Destinado a alumnos de Astronom\u00eda<br>Correlativas:&nbsp;<br>Contacto: <a href=\"mailto:gdeelia@fcaglp.unlp.edu.ar\" target=\"_blank\" rel=\"noreferrer noopener\">gdeelia@fcaglp.unlp.edu.ar<\/a><\/p>\n\n\n\n<p><strong><a href=\"http:\/\/fcaglp.unlp.edu.ar\/uploads\/docs\/programa_radiointer_2024.pdf\" title=\"\">Radiointerferometr\u00eda <\/a> <\/strong><br>Responsable\/s: Dr. Manuel Fern\u00e1ndez L\u00f3pez<br>Duraci\u00f3n: Semestral (Segundo Semestre)<br>Carga horaria: 130 hs de clases te\u00f3rico-pr\u00e1cticas<br>Destinado a alumnos de Astronom\u00eda<br>Correlativas: Matem\u00e1ticas Especiales II, Sistemas Estelares, Elementos de Astrof\u00edsica Te\u00f3rica<br>Contacto:&nbsp;<a href=\"mailto:manferna@fcaglp.unlp.edu.ar\">manferna@fcaglp.unlp.edu.ar<\/a><\/p>\n\n\n\n<p><strong>Seminario de F\u00edsica de Part\u00edculas y Campos (Exactas UNLP)<br><\/strong>Duraci\u00f3n: Cuatrimestral (Segundo Cuatrimestre)<br>Destinado a alumnos de Astronom\u00eda<br>Correlativas: Mec\u00e1nica Cu\u00e1ntica I<br>Contacto &#8211; P\u00e1gina web: <a href=\"http:\/\/www.fisica.unlp.edu.ar\/optativas\/materias-optativas\">http:\/\/www.fisica.unlp.edu.ar\/optativas\/materias-optativas<\/a><\/p>\n\n\n\n<p><strong><a href=\"https:\/\/www.fcaglp.unlp.edu.ar\/uploads\/docs\/programa_sismica_de_pozo_2023.pdf\" title=\"\">S\u00edsmica de Pozo<br><\/a><\/strong>Responsable\/s: Lic. Eduardo Corti, Geof. Ramiro Santiv\u00e1\u00f1ez<br>Duraci\u00f3n: Cuatrimestral (Segundo Cuatrimestre)<br>Carga horaria: 4 a 5 hs semanales<br>Destinado a alumnos de Geof\u00edsica<br>Correlativas: An\u00e1lisis de Se\u00f1ales en Geof\u00edsica, Sismolog\u00eda<br>Contacto: <a href=\"mailto:ecorti@fcaglp.unlp.edu.ar\">ecorti@fcaglp.unlp.edu.ar<\/a>, <a href=\"mailto:eduardo_corti@hotmail.com\">eduardo_corti@hotmail.com<\/a>, <a href=\"mailto:rsantivanez@fcaglp.unlp.edu.ar\">rsantivanez@fcaglp.unlp.edu.ar<\/a>, <a href=\"mailto:ramirosantivanez@hotmail.com\">ramirosantivanez@hotmail.com<\/a>    <\/p>\n\n\n\n<p><strong>S\u00edsmica experimental con objetivos someros <\/strong><br>Responsable: Dr. Sim\u00f3n Lissa<br>Duraci\u00f3n: Cuatrimestral (Primer Cuatrimestre)<br>Carga horaria: 64 hs <br>Destinado a alumnos de Geof\u00edsica<br>Correlativas: An\u00e1lisis de Se\u00f1ales en Geof\u00edsica y Sismolog\u00eda<br>Contacto: slissa@fcaglp.unlp.edu.ar<\/p>\n\n\n\n<p><strong><a href=\"https:\/\/www.fcaglp.unlp.edu.ar\/uploads\/docs\/programa_sist_unificado_ref_vertical_2023.pdf\" title=\"\">Sistema Unificado de Referencia Vertical<br><\/a><\/strong>Responsable\/s: Dra. Claudia Tocho, Geof. Ezeuiqel Dario Antokoletz<br>Duraci\u00f3n: Cuatrimestral (Segundo Cuatrimestre)<br>Carga horaria: 60 hs<br>Destinado a alumnos de Geof\u00edsica<br>Correlativas: Geodesia, Gravimetr\u00eda<br>Mesa Examinadora: Dra. C. Tocho, Dr. L. Guarracino<br>Contacto: <a href=\"mailto:ctocho@fcaglp.unlp.edu.ar\">ctocho@fcaglp.unlp.edu.ar<\/a>   <\/p>\n\n\n\n<p><strong><a href=\"https:\/\/www.fcaglp.unlp.edu.ar\/uploads\/docs\/programa_teccarsis_2024.pdf\" title=\"\">T\u00e9cnicas de Caracterizaci\u00f3n S\u00edsmica de Reservorios<br><\/a><\/strong>Responsable\/s: Dr. Juan Moirano, Geof. Juan Tavella, Geof. Federico Sp\u00e4th<br>Duraci\u00f3n: semestral. 17 semanas con 2 clases de 2 horas cada una por semana (34 clases)<br>Carga horaria: 68 horas totales<br>Destinado a alumnos de: Geof\u00edsica (grado o posgrado)<br>Correlativas: Trabajos pr\u00e1cticos aprobados de las siguientes materias de 5to a\u00f1o:<br>M\u00e9todos S\u00edsmicos de Prospecci\u00f3n, M\u00e9todos Potenciales de Prospecci\u00f3n, M\u00e9todos El\u00e9ctricos de Prospecci\u00f3n<br>Contacto &#8211; P\u00e1gina Web: <a href=\"mailto:fspath@fcaglp.unlp.edu.ar\">fspath@fcaglp.unlp.edu.ar<\/a><br><a href=\"https:\/\/moodle.fcaglp.unlp.edu.ar\/course\/view.php?id=54\">https:\/\/moodle.fcaglp.unlp.edu.ar\/course\/view.php?id=54<\/a><br><br><strong><a href=\"https:\/\/www.fcaglp.unlp.edu.ar\/uploads\/docs\/programa_tecnicas_de_deteccion_exoplanetas_unc.pdf\" title=\"\">T\u00e9cnicas de Detecci\u00f3n de Exoplanetas (FaMAF de la UNC)<br><\/a><\/strong>Responsable\/s: Giuppone, Cristian Andr\u00e9s y Gramajo, Luciana Ver\u00f3nica<br>Duraci\u00f3n: Cuatrimestral (Primer Cuatrimestre)<br>Carga horaria: 120 hs<br>Destinado a alumnos de Astronom\u00eda<br>Correlativas: F\u00edsica General III, Matem\u00e1ticas Especiales II y Astronom\u00eda Esf\u00e9rica<br>Contacto:<\/p>\n\n\n\n<p><strong>Tect\u00f3nica de Cuencas Sedimentarias (Naturales UNLP)<br><\/strong>Responsable\/s: Dr. Juan Rafael Franzese<br>Duraci\u00f3n: Cuatrimestral (Primer Cuatrimestre)<br>Carga horaria: 120 hs<br>Destinado a alumnos de Geof\u00edsica<br>Contacto: <a href=\"mailto:franzese@cig.museo.unlp.edu.ar\">franzese@cig.museo.unlp.edu.ar<\/a><\/p>\n\n\n\n<p><strong><a href=\"https:\/\/www.fcaglp.unlp.edu.ar\/wp-content\/uploads\/2025\/03\/VLBI_ASTROGEODESICO_fcag-1.pdf\" title=\"\">VLBI Astrogeod\u00e9sico<br><\/a><\/strong>Responsable\/s:&nbsp;Dra. Mar\u00eda Eugenia G\u00f3mez<br>Duraci\u00f3n:&nbsp;Primer Cuatrimestre<br>Carga horaria:&nbsp;4&nbsp;hs de clases te\u00f3rico-pr\u00e1cticas semanales&nbsp;<br>Destinado a alumnos de Geof\u00edsica y Astronom\u00eda<br>Correlativas:&nbsp;F\u00edsica General III y Geodesia (para Geof\u00edsica) &#8211;&nbsp;F\u00edsica General III&nbsp;y Astronom\u00eda Esf\u00e9rica (para Astronom\u00eda) R\u00e9gimen:&nbsp;Promocionable <br>Contacto y\/o P\u00e1gina Web:&nbsp;<a href=\"mailto:megomez@fcaglp.unlp.edu.ar\" target=\"_blank\" rel=\"noreferrer noopener\">megomez@fcaglp.unlp.edu.ar<\/a><\/p>\n<\/div>\n<\/div>\n\n\n\n<p><\/p>\n","protected":false},"excerpt":{"rendered":"<p>Aprendizaje Autom\u00e1tico Profundo (Inform\u00e1tica UNLP)Responsable\/s: Dra. Laura LanzariniDuraci\u00f3n: Cuatrimestral (Segundo Cuatrimestre)Carga horaria: 60 hs totalesDestinado a alumnos de Geof\u00edsicaCorrelativas: An\u00e1lisis Num\u00e9rico y Programaci\u00f3n, Estad\u00edstica AplicadaContacto: laural@info.unlp.edu.ar Astronom\u00eda ObservacionalResponsable\/s: Dr. Gustavo L. Baume, Dr. Bruno De B\u00f3rtoli,Lic. Rodrigo F. HaackDuraci\u00f3n: AnualCarga horaria: 9 hs semanalesDestinado a alumnos de Astronom\u00edaCorrelativas: Ingl\u00e9s I, Astronom\u00eda Esf\u00e9rica, Astronom\u00eda Estelar, Estad\u00edstica&hellip;&nbsp;<a href=\"https:\/\/www.fcaglp.unlp.edu.ar\/index.php\/seminarios-de-astronomia\/\" rel=\"bookmark\">Read More &raquo;<span class=\"screen-reader-text\">SEMINARIOS<\/span><\/a><\/p>\n","protected":false},"author":17,"featured_media":0,"parent":0,"menu_order":0,"comment_status":"closed","ping_status":"closed","template":"","meta":{"neve_meta_sidebar":"","neve_meta_container":"","neve_meta_enable_content_width":"","neve_meta_content_width":0,"neve_meta_title_alignment":"","neve_meta_author_avatar":"","neve_post_elements_order":"","neve_meta_disable_header":"","neve_meta_disable_footer":"","neve_meta_disable_title":"","neve_meta_reading_time":"","_themeisle_gutenberg_block_has_review":false,"footnotes":""},"class_list":["post-6883","page","type-page","status-publish","hentry"],"aioseo_notices":[],"_links":{"self":[{"href":"https:\/\/www.fcaglp.unlp.edu.ar\/index.php\/wp-json\/wp\/v2\/pages\/6883","targetHints":{"allow":["GET"]}}],"collection":[{"href":"https:\/\/www.fcaglp.unlp.edu.ar\/index.php\/wp-json\/wp\/v2\/pages"}],"about":[{"href":"https:\/\/www.fcaglp.unlp.edu.ar\/index.php\/wp-json\/wp\/v2\/types\/page"}],"author":[{"embeddable":true,"href":"https:\/\/www.fcaglp.unlp.edu.ar\/index.php\/wp-json\/wp\/v2\/users\/17"}],"replies":[{"embeddable":true,"href":"https:\/\/www.fcaglp.unlp.edu.ar\/index.php\/wp-json\/wp\/v2\/comments?post=6883"}],"version-history":[{"count":75,"href":"https:\/\/www.fcaglp.unlp.edu.ar\/index.php\/wp-json\/wp\/v2\/pages\/6883\/revisions"}],"predecessor-version":[{"id":16104,"href":"https:\/\/www.fcaglp.unlp.edu.ar\/index.php\/wp-json\/wp\/v2\/pages\/6883\/revisions\/16104"}],"wp:attachment":[{"href":"https:\/\/www.fcaglp.unlp.edu.ar\/index.php\/wp-json\/wp\/v2\/media?parent=6883"}],"curies":[{"name":"wp","href":"https:\/\/api.w.org\/{rel}","templated":true}]}}