{"id":6798,"date":"2024-06-13T10:11:47","date_gmt":"2024-06-13T13:11:47","guid":{"rendered":"http:\/\/www.fcaglp.unlp.edu.ar\/?page_id=6798"},"modified":"2025-11-05T12:16:05","modified_gmt":"2025-11-05T15:16:05","slug":"carreras-posgrado","status":"publish","type":"page","link":"https:\/\/www.fcaglp.unlp.edu.ar\/index.php\/posgrado\/carreras-posgrado\/","title":{"rendered":"CARRERAS de POSGRADO"},"content":{"rendered":"\n<div class=\"wp-block-columns is-layout-flex wp-container-core-columns-is-layout-9d6595d7 wp-block-columns-is-layout-flex\">\n<div class=\"wp-block-column is-layout-flow wp-block-column-is-layout-flow\">\n<p><strong>Doctorado en Astronom\u00eda<\/strong><br>Categor\u00eda A<br>N\u00famero de resoluci\u00f3n Ministerial: 3037\/15<br>N\u00famero de resoluci\u00f3n de CONEAU: 241\/22<br>Director: Dr. Guillermo Luis Bosch.<br>Comisi\u00f3n Acad\u00e9mica: Dra. Romina Paula Di Sisto, Dra. Milva G. Orsaria, Dra. Florencia Laura Vieyro y Dra. Claudia Marcela Giordano.<\/p>\n\n\n\n<p><strong>Doctorado en Geof\u00edsica<\/strong><br>Categor\u00eda A<br>N\u00famero de resoluci\u00f3n Ministerial: 1607\/15<br>N\u00famero de resoluci\u00f3n de CONEAU: 442\/21<br>Director: Dr. Danilo Velis.<br>Comisi\u00f3n Acad\u00e9mica: Dra. Claudia Tocho, Dr. Luis Guarracino y Dra. Claudia Ravazzoli.<\/p>\n<\/div>\n\n\n\n<div class=\"wp-block-column is-layout-flow wp-block-column-is-layout-flow\">\n<p><strong>Doctorado en Ciencias de la Atm\u00f3sfera<\/strong><br>N\u00famero de resoluci\u00f3n Ministerial: 2020-393-APN-ME<br>N\u00famero de Acta de CONEAU: 517\/2020<br>Director: Dr. Guillermo Berri.<br>Comisi\u00f3n Acad\u00e9mica: Dra. Amalia Meza, Dra. Josefina Bl\u00e1zquez, Dr. Pablo Zaninelli y Dra. Mar\u00eda Paula Natali.&nbsp;<br><\/p>\n\n\n\n<p><strong>Maestr\u00eda en Geom\u00e1tica<\/strong><br>N\u00famero de resoluci\u00f3n Ministerial:1395\/18<br>N\u00famero de resoluci\u00f3n de CONEAU: 47\/17<br>Director: Dr. Daniel Del Cogliano.<br>Comit\u00e9 Acad\u00e9mico: Ing. Pedro Roncagliolo, Dra. Claudia Tocho, Ing. Roberto Aldasoro y Dr. Mauricio Gende.<\/p>\n<\/div>\n<\/div>\n\n\n\n<p><\/p>\n","protected":false},"excerpt":{"rendered":"<p>Doctorado en Astronom\u00edaCategor\u00eda AN\u00famero de resoluci\u00f3n Ministerial: 3037\/15N\u00famero de resoluci\u00f3n de CONEAU: 241\/22Director: Dr. Guillermo Luis Bosch.Comisi\u00f3n Acad\u00e9mica: Dra. Romina Paula Di Sisto, Dra. Milva G. Orsaria, Dra. Florencia Laura Vieyro y Dra. Claudia Marcela Giordano. Doctorado en Geof\u00edsicaCategor\u00eda AN\u00famero de resoluci\u00f3n Ministerial: 1607\/15N\u00famero de resoluci\u00f3n de CONEAU: 442\/21Director: Dr. Danilo Velis.Comisi\u00f3n Acad\u00e9mica: Dra. Claudia&hellip;&nbsp;<a href=\"https:\/\/www.fcaglp.unlp.edu.ar\/index.php\/posgrado\/carreras-posgrado\/\" rel=\"bookmark\">Read More &raquo;<span class=\"screen-reader-text\">CARRERAS de POSGRADO<\/span><\/a><\/p>\n","protected":false},"author":13,"featured_media":0,"parent":370,"menu_order":0,"comment_status":"closed","ping_status":"closed","template":"","meta":{"neve_meta_sidebar":"","neve_meta_container":"","neve_meta_enable_content_width":"","neve_meta_content_width":0,"neve_meta_title_alignment":"","neve_meta_author_avatar":"","neve_post_elements_order":"","neve_meta_disable_header":"","neve_meta_disable_footer":"","neve_meta_disable_title":"","neve_meta_reading_time":"","_themeisle_gutenberg_block_has_review":false,"footnotes":""},"class_list":["post-6798","page","type-page","status-publish","hentry"],"aioseo_notices":[],"_links":{"self":[{"href":"https:\/\/www.fcaglp.unlp.edu.ar\/index.php\/wp-json\/wp\/v2\/pages\/6798","targetHints":{"allow":["GET"]}}],"collection":[{"href":"https:\/\/www.fcaglp.unlp.edu.ar\/index.php\/wp-json\/wp\/v2\/pages"}],"about":[{"href":"https:\/\/www.fcaglp.unlp.edu.ar\/index.php\/wp-json\/wp\/v2\/types\/page"}],"author":[{"embeddable":true,"href":"https:\/\/www.fcaglp.unlp.edu.ar\/index.php\/wp-json\/wp\/v2\/users\/13"}],"replies":[{"embeddable":true,"href":"https:\/\/www.fcaglp.unlp.edu.ar\/index.php\/wp-json\/wp\/v2\/comments?post=6798"}],"version-history":[{"count":4,"href":"https:\/\/www.fcaglp.unlp.edu.ar\/index.php\/wp-json\/wp\/v2\/pages\/6798\/revisions"}],"predecessor-version":[{"id":14610,"href":"https:\/\/www.fcaglp.unlp.edu.ar\/index.php\/wp-json\/wp\/v2\/pages\/6798\/revisions\/14610"}],"up":[{"embeddable":true,"href":"https:\/\/www.fcaglp.unlp.edu.ar\/index.php\/wp-json\/wp\/v2\/pages\/370"}],"wp:attachment":[{"href":"https:\/\/www.fcaglp.unlp.edu.ar\/index.php\/wp-json\/wp\/v2\/media?parent=6798"}],"curies":[{"name":"wp","href":"https:\/\/api.w.org\/{rel}","templated":true}]}}