{"id":6133,"date":"2025-07-11T07:37:43","date_gmt":"2025-07-11T10:37:43","guid":{"rendered":"http:\/\/www.fcaglp.unlp.edu.ar\/?page_id=6133"},"modified":"2026-03-19T11:46:27","modified_gmt":"2026-03-19T14:46:27","slug":"novedades-aaa","status":"publish","type":"page","link":"https:\/\/www.fcaglp.unlp.edu.ar\/index.php\/ciencia-y-tecnica\/novedades\/novedades-aaa\/","title":{"rendered":"NOVEDADES AAA"},"content":{"rendered":"\n<div class=\"wp-block-columns is-layout-flex wp-container-core-columns-is-layout-9d6595d7 wp-block-columns-is-layout-flex\">\n<div class=\"wp-block-column is-layout-flow wp-block-column-is-layout-flow\">\n<ul class=\"wp-block-list\">\n<li><strong>P\u00e1gina de la AAA:<\/strong> <a href=\"http:\/\/www.astronomiaargentina.org.ar\/\" title=\"\">http:\/\/www.astronomiaargentina.org.ar\/<\/a><\/li>\n<\/ul>\n<\/div>\n<\/div>\n\n\n\n<hr class=\"wp-block-separator has-alpha-channel-opacity\" \/>\n\n\n\n<ul class=\"wp-block-list\">\n<li><strong>Resultados de la convocatoria Programa de Estad\u00edas Nacionales<\/strong><\/li>\n<\/ul>\n\n\n\n<p>Nos alegra compartir con ustedes que el Programa de Estad\u00edas Nacionales (PEN) de la AAA ha recibido en esta, su cuarta edici\u00f3n, un<br>total de 3 postulaciones.<br>Como anunciamos y para dar continuidad al objetivo del programa, que es fomentar la colaboraci\u00f3n cient\u00edfica y el intercambio de<br>conocimiento en nuestra comunidad, hemos tomado la decisi\u00f3n de otorgar los 2 financiamientos ofrecidos a las siguientes propuestas:<\/p>\n\n\n\n<p>1) Visitante: MAZA Natalia Lorena<br>Lugar de trabajo: Observatorio Astron\u00f3mico F\u00e9lix Aguilar, San Juan<br>Anfitriona: Benaglia, Paula<br>Lugar de trabajo: Instituto Argentino de Radioastronom\u00eda (IAR), Parque Pereyra Iraola, Buenos Aires<\/p>\n\n\n\n<p>2) Visitante: TAPIA-REINA, Martina<br>Lugar de trabajo: Observatorio Astron\u00f3mico de C\u00f3rdoba (OAC), C\u00f3rdoba<br>Anfitriona: Granada, Anahi<br>Lugar de trabajo: Laboratorio de Investigaci\u00f3n Cient\u00edfica en Astronom\u00eda (LICA), Bariloche, R\u00edo Negro<\/p>\n\n\n\n<p>Las estad\u00edas ser\u00e1n una experiencia enriquecedora para las socias involucradas.<br>Felicitamos a los equipos seleccionados, a quienes les pedimos contactar con nuestra Tesorer\u00eda.<\/p>\n\n\n\n<p>Un cordial saludo,<br>Comisi\u00f3n Directiva<br>Asociaci\u00f3n Argentina de Astronom\u00eda<\/p>\n\n\n\n<p><a href=\"http:\/\/astronomiaargentina.org.ar\/\" target=\"_blank\" rel=\"noreferrer noopener\">http:\/\/astronomiaargentina.org.ar\/<\/a><\/p>\n","protected":false},"excerpt":{"rendered":"<p>Nos alegra compartir con ustedes que el Programa de Estad\u00edas Nacionales (PEN) de la AAA ha recibido en esta, su cuarta edici\u00f3n, untotal de 3 postulaciones.Como anunciamos y para dar continuidad al objetivo del programa, que es fomentar la colaboraci\u00f3n cient\u00edfica y el intercambio deconocimiento en nuestra comunidad, hemos tomado la decisi\u00f3n de otorgar los&hellip;&nbsp;<a href=\"https:\/\/www.fcaglp.unlp.edu.ar\/index.php\/ciencia-y-tecnica\/novedades\/novedades-aaa\/\" rel=\"bookmark\">Read More &raquo;<span class=\"screen-reader-text\">NOVEDADES AAA<\/span><\/a><\/p>\n","protected":false},"author":10,"featured_media":0,"parent":468,"menu_order":0,"comment_status":"closed","ping_status":"closed","template":"","meta":{"neve_meta_sidebar":"","neve_meta_container":"","neve_meta_enable_content_width":"","neve_meta_content_width":0,"neve_meta_title_alignment":"","neve_meta_author_avatar":"","neve_post_elements_order":"","neve_meta_disable_header":"","neve_meta_disable_footer":"","neve_meta_disable_title":"","neve_meta_reading_time":"","_themeisle_gutenberg_block_has_review":false,"footnotes":""},"class_list":["post-6133","page","type-page","status-publish","hentry"],"aioseo_notices":[],"_links":{"self":[{"href":"https:\/\/www.fcaglp.unlp.edu.ar\/index.php\/wp-json\/wp\/v2\/pages\/6133","targetHints":{"allow":["GET"]}}],"collection":[{"href":"https:\/\/www.fcaglp.unlp.edu.ar\/index.php\/wp-json\/wp\/v2\/pages"}],"about":[{"href":"https:\/\/www.fcaglp.unlp.edu.ar\/index.php\/wp-json\/wp\/v2\/types\/page"}],"author":[{"embeddable":true,"href":"https:\/\/www.fcaglp.unlp.edu.ar\/index.php\/wp-json\/wp\/v2\/users\/10"}],"replies":[{"embeddable":true,"href":"https:\/\/www.fcaglp.unlp.edu.ar\/index.php\/wp-json\/wp\/v2\/comments?post=6133"}],"version-history":[{"count":76,"href":"https:\/\/www.fcaglp.unlp.edu.ar\/index.php\/wp-json\/wp\/v2\/pages\/6133\/revisions"}],"predecessor-version":[{"id":16362,"href":"https:\/\/www.fcaglp.unlp.edu.ar\/index.php\/wp-json\/wp\/v2\/pages\/6133\/revisions\/16362"}],"up":[{"embeddable":true,"href":"https:\/\/www.fcaglp.unlp.edu.ar\/index.php\/wp-json\/wp\/v2\/pages\/468"}],"wp:attachment":[{"href":"https:\/\/www.fcaglp.unlp.edu.ar\/index.php\/wp-json\/wp\/v2\/media?parent=6133"}],"curies":[{"name":"wp","href":"https:\/\/api.w.org\/{rel}","templated":true}]}}