{"id":6123,"date":"2025-07-11T07:02:48","date_gmt":"2025-07-11T10:02:48","guid":{"rendered":"http:\/\/www.fcaglp.unlp.edu.ar\/?page_id=6123"},"modified":"2026-04-24T11:35:54","modified_gmt":"2026-04-24T14:35:54","slug":"novedades-fcag","status":"publish","type":"page","link":"https:\/\/www.fcaglp.unlp.edu.ar\/index.php\/ciencia-y-tecnica\/novedades\/novedades-fcag\/","title":{"rendered":"NOVEDADES FCAG"},"content":{"rendered":"\n<div class=\"wp-block-group is-vertical is-layout-flex wp-container-core-group-is-layout-8cf370e7 wp-block-group-is-layout-flex\">\n<div class=\"wp-block-group is-vertical is-layout-flex wp-container-core-group-is-layout-8cf370e7 wp-block-group-is-layout-flex\">\n<div class=\"wp-block-group\"><div class=\"wp-block-group__inner-container is-layout-constrained wp-block-group-is-layout-constrained\">\n<div class=\"wp-block-columns is-layout-flex wp-container-core-columns-is-layout-9d6595d7 wp-block-columns-is-layout-flex\">\n<div class=\"wp-block-column is-layout-flow wp-block-column-is-layout-flow\">\n<ul class=\"wp-block-list\">\n<li><strong><strong>Proyectos Acreditados 2026 I+D y PPID<\/strong><br><\/strong>La Secretar\u00eda de Ciencia y T\u00e9cnica informa que\u00a0ha iniciado el proceso de evaluaci\u00f3n de Proyectos de Investigaci\u00f3n y Desarrollo para su acreditaci\u00f3n.\u00a0<strong>El inicio de los mismos ser\u00e1 a partir del 1\/01\/2026<\/strong>: <a href=\"https:\/\/unlp.edu.ar\/investigacion\/acreditacion-de-proyectos-id-y-ppid-2026-108305\/\" title=\"\">https:\/\/unlp.edu.ar\/investigacion\/acreditacion-de-proyectos-id-y-ppid-2026-108305\/<\/a><\/li>\n<\/ul>\n\n\n\n<hr class=\"wp-block-separator has-alpha-channel-opacity\" \/>\n\n\n\n<ul class=\"wp-block-list\">\n<li><strong>Apertura de Ventana de Incorporaci\u00f3n a SICADI &#8211; HASTA 30 DE ABRIL<\/strong><\/li>\n<\/ul>\n\n\n\n<p>Cumplimos en informar sobre la apertura de una nueva Convocatoria de Ingreso a SICADI de Docentes Investigadores con lugar de trabajo en la UNLP, en sus dos modalidades (v\u00eda de equivalencia de categor\u00edas y v\u00eda de evaluaci\u00f3n de antecedentes).<\/p>\n\n\n\n<p><strong>Fecha de la convocatoria: hasta el 30 de abril.<\/strong><br><br><strong>-Destinatarios\/as de la Convocatoria: <\/strong>la ventana de incorporaci\u00f3n a SICADI estar\u00e1 abierta <strong>para aquellos DI que no se hayan presentado a ning\u00fan proceso de categorizaci\u00f3n de SICADI.<\/strong><br><br>&#8211;<strong>Los DI que no se encuentren incluidos en un proyecto<\/strong> de Investigaci\u00f3n acreditado por la UNLP, podr\u00e1n presentarse a esta convocatoria. Para ello deber\u00e1n <strong>adjuntar una certificaci\u00f3n de tareas de Investigaci\u00f3n de la UI<\/strong> en la que desempe\u00f1an su trabajo firmado por la m\u00e1xima autoridad.&nbsp;La categor\u00eda obtenida por este mecanismo es provisoria y quedar\u00e1 firme cuando el\/la DI se incorpore a un proyecto de Investigaci\u00f3n en el plazo de un (1) a\u00f1o luego de haber sido notificado\/a del resultado.&nbsp;<\/p>\n\n\n\n<p><strong>-Modalidad de presentaci\u00f3n:<\/strong> El formato de la presentaci\u00f3n es el mismo para ambos tipos de solicitudes. El postulante deber\u00e1 completar de forma on-line la presentaci\u00f3n con los datos requeridos empleando la plataforma de carga de datos implementada por la Secretar\u00eda de Ciencia y T\u00e9cnica de la UNLP (SECYT UNLP), indicando por qu\u00e9 mecanismo desea ser categorizado (equivalencia o evaluaci\u00f3n).<\/p>\n\n\n\n<p>Toda la informaci\u00f3n relacionada al llamado (procedimientos, instructivo de uso de la plataforma de carga, etc.) se encuentra disponible en la p\u00e1gina web de la Secretar\u00eda de la UNLP: <a href=\"https:\/\/unlp.edu.ar\/investigacion\/categorizacion-de-docentes-investigadores-de-la-unlp-93068\/\" title=\"\">https:\/\/unlp.edu.ar\/investigacion\/categorizacion-de-docentes-investigadores-de-la-unlp-93068\/<\/a><br><br><strong>1-Solicitudes presentadas por v\u00eda de equivalencia de categor\u00edas<\/strong> &#8211; <strong>Docentes investigadores interesados<\/strong><br>-Entregan la copia firmada de la planilla generada por la plataforma de carga de datos en la Secretar\u00eda de Ciencia y T\u00e9cnica de su Unidad Acad\u00e9mica (UA).<br>-Realizan la carga de su solicitud a trav\u00e9s de la plataforma habilitada por la SECYT UNLP (al finalizar la carga de datos en la plataforma, el\/la postulante deber\u00e1 seleccionar la opci\u00f3n \u201cenviar\u201d, descargar una copia de la planilla generada y firmarla).<br>Documentaci\u00f3n a presentar:<br>-Constancia de CUIL<br>-Certificaci\u00f3n de tareas de investigaci\u00f3n como becario\/a o investigador\/a o personal de apoyo (de ser necesario).<br>-Certificado de participaci\u00f3n en un proyecto de investigaci\u00f3n (de no encontrarse en las bases de datos de proyectos de la UNLP: PID, PPID, PICT, PIP-CONICET, etc.)<br>-Certificaci\u00f3n de tareas de Investigaci\u00f3n de la UI en la que desempe\u00f1a su trabajo firmado por la m\u00e1xima autoridad.<br>-Informes aprobados para el caso del mecanismo de equivalencia de Asistente con 3 informes a DI3<\/p>\n\n\n\n<p><strong>2-Solicitudes presentadas por v\u00eda de evaluaci\u00f3n de antecedentes &#8211; Docentes investigadores interesados:<\/strong><br>-Entregan la copia firmada de la planilla generada por la plataforma de carga de datos en la Secretar\u00eda de Ciencia y T\u00e9cnica (o equivalente) de su Unidad Acad\u00e9mica (UA).<br>-Realizan la carga de su solicitud a trav\u00e9s de la plataforma habilitada por la SECYT UNLP (Al finalizar la carga de datos en la plataforma de carga, el\/la postulante deber\u00e1 seleccionar la opci\u00f3n \u201cenviar\u201d, descargar una copia de la planilla generada y firmarla).<br>Documentaci\u00f3n a presentar:<br>-Constancia de CUIL<br>-Certificaci\u00f3n de tareas de investigaci\u00f3n como becario\/a o investigador\/a o personal de apoyo (de ser necesario).<br>-Certificado de participaci\u00f3n en un proyecto de investigaci\u00f3n (de no encontrarse en las bases de datos de proyectos de la UNLP: PID, PPID, PICT, PIP-CONICET, etc.).<br>-Certificaci\u00f3n de tareas de Investigaci\u00f3n de la UI en la que desempe\u00f1a su trabajo firmado por la m\u00e1xima autoridad o Curr\u00edculum Vitae generado desde la base de datos SIGEVA-UNLP.<\/p>\n\n\n\n<p><strong>En un pr\u00f3ximo correo enviaremos informaci\u00f3n sobre el plazo de recepci\u00f3n en esta Secretar\u00eda.<\/strong><\/p>\n\n\n\n<p>Saludos,<br>SeCyT-FCAG<\/p>\n\n\n\n<hr class=\"wp-block-separator has-alpha-channel-opacity\" \/>\n\n\n\n<ul class=\"wp-block-list\">\n<li><strong>Resultados SICADI por EQUIVALENCIA<\/strong><\/li>\n<\/ul>\n\n\n\n<p>Les compartimos de manera adjunta el resultado de la Convocatoria SICADI por Equivalencia 2025.&nbsp;<\/p>\n\n\n\n<p>Si bien este listado ya figura en la p\u00e1gina de la UNLP (<a href=\"https:\/\/unlp.edu.ar\/investigacion\/sicadi-sistema-de-categorizacion-de-docentes-investigadores-as-de-la-unlp-70564\/\">https:\/\/unlp.edu.ar\/investigacion\/sicadi-sistema-de-categorizacion-de-docentes-investigadores-as-de-la-unlp-70564\/<\/a>), hay que esperar a que vuelvan los expedientes a la FCAG y mediante correo electr\u00f3nico se proceda a<strong>&nbsp;NOTIFICAR<\/strong>&nbsp;a cada postulado. En esta notificaci\u00f3n va a figurar a partir de cu\u00e1ndo detentan la categor\u00eda.<\/p>\n\n\n\n<div class=\"wp-block-file\"><a id=\"wp-block-file--media-20781e83-087c-4639-8394-b2cd9a18b9eb\" href=\"https:\/\/www.fcaglp.unlp.edu.ar\/wp-content\/uploads\/2026\/02\/Sicadi-equivalencia2025.pdf\">Sicadi-equivalencia2025<\/a><a href=\"https:\/\/www.fcaglp.unlp.edu.ar\/wp-content\/uploads\/2026\/02\/Sicadi-equivalencia2025.pdf\" class=\"wp-block-file__button wp-element-button\" download aria-describedby=\"wp-block-file--media-20781e83-087c-4639-8394-b2cd9a18b9eb\">Descarga<\/a><\/div>\n\n\n\n<p><br>Cualquier duda\/consulta, nos escriben.<br>SeCyT-FCAG<\/p>\n\n\n\n<hr class=\"wp-block-separator has-alpha-channel-opacity\" \/>\n\n\n\n<ul class=\"wp-block-list\">\n<li><strong>SICADI \u2013 Resultados de Categorizaci\u00f3n de Docentes Investigadores\/as de la UNLP<\/strong><\/li>\n<\/ul>\n\n\n\n<p>A trav\u00e9s del siguiente enlace podr\u00e1n acceder al listado parcial de categor\u00edas recomendadas por los comit\u00e9s evaluadores. Esta informaci\u00f3n se encuentra en proceso de actualizaci\u00f3n permanente hasta la finalizaci\u00f3n del proceso: <a href=\"https:\/\/unlp.edu.ar\/investigacion\/sicadi-sistema-de-categorizacion-de-docentes-investigadores-as-de-la-unlp-70564\/\" title=\"\">https:\/\/unlp.edu.ar\/investigacion\/sicadi-sistema-de-categorizacion-de-docentes-investigadores-as-de-la-unlp-70564\/<\/a><\/p>\n\n\n\n<p><strong>Importante: Una vez recibido el expediente en nuestra UA, cada investigador ser\u00e1 notificado a trav\u00e9s del correo de Jefatura Operativa.<\/strong><\/p>\n\n\n\n<p><\/p>\n\n\n\n<hr class=\"wp-block-separator has-alpha-channel-opacity\" \/>\n\n\n\n<ul class=\"wp-block-list\">\n<li><strong>IMPORTANTE: Mantener actualizado el CV SIGEVA UNLP<\/strong><\/li>\n<\/ul>\n\n\n\n<p>Les reenviamos un correo recibido de la SeCyT de UNLP sobre la importancia de mantener actualizados los datos del CV SIGEVA UNLP (tanto para evaluaciones o apertura de convocatorias).<br>Saludos,<br>SeCyT-FCAG<br>&#8212;&#8212;&#8211; Mensaje reenviado &#8212;&#8212;&#8211;<br>Queremos recordarles, y por su intermedio a los becarios y docentes investigadores de su Unidad Acad\u00e9mica, respecto a la importancia de mantener actualizados los datos del CV SIGEVA UNLP, ya que es un requisito fundamental en la solicitud de Becas, Subsidios, acreditaci\u00f3n de proyectos y\/o movimientos de integrantes de Proyectos de Investigaci\u00f3n.<br>Las diferencias en la informaci\u00f3n entre los CVs SIGEVA UNLP y las planillas de Solicitud generan inconvenientes al momento de la evaluaci\u00f3n, es por ello que pedimos que la informaci\u00f3n est\u00e9 actualizada al momento de apertura de las convocatorias.<\/p>\n\n\n\n<hr class=\"wp-block-separator has-alpha-channel-opacity\" \/>\n\n\n\n<ul class=\"wp-block-list\">\n<li><strong>Vigencias Categor\u00edas SICADI<\/strong><\/li>\n<\/ul>\n\n\n\n<p>Les informamos las fechas de vigencia de las categorizaciones SICADI:<br>-Categor\u00edas otorgadas por Equivalencia (primer y segundo llamado): vigencia a partir del <strong>01\/01\/2024<\/strong><br>-Categor\u00edas otorgadas por Evaluaci\u00f3n: vigencia a partir del <strong>01\/07\/2024 <\/strong>(<strong>en proceso de evaluaci\u00f3n<\/strong>).<\/p>\n\n\n\n<p>Enlace a Categor\u00edas: <a href=\"https:\/\/unlp.edu.ar\/investigacion\/sicadi-sistema-de-categorizacion-de-docentes-investigadores-as-de-la-unlp-70564\/\">https:\/\/unlp.edu.ar\/investigacion\/sicadi-sistema-de-categorizacion-de-docentes-investigadores-as-de-la-unlp-70564\/<\/a><\/p>\n\n\n\n<div class=\"wp-block-file\"><a id=\"wp-block-file--media-819a445c-8827-48b4-af15-e702ed938c1a\" href=\"https:\/\/www.fcaglp.unlp.edu.ar\/wp-content\/uploads\/2024\/09\/Res.-13-24_Astronomicas_Primer-llamado-1.pdf\">Res.-13-24_Astronomicas_Primer llamado<\/a><\/div>\n\n\n\n<div class=\"wp-block-file\"><a id=\"wp-block-file--media-6ea31f41-e670-4e28-b4a1-093d210e6df1\" href=\"https:\/\/www.fcaglp.unlp.edu.ar\/wp-content\/uploads\/2024\/09\/Res-565-24_Astronomicas_Segundo-llamado-1.pdf\">Res-565-24_Astronomicas_Segundo llamado<\/a><\/div>\n\n\n\n<p><\/p>\n\n\n\n<p>Les reenviamos informaci\u00f3n para la carga de la categor\u00eda en el SIGEVA:<br>&#8212;&#8212;&#8212;&#8212;&#8212;&#8212;&#8212;<br>Estimados,<\/p>\n\n\n\n<p>Esta Secretaria ha recibido varias consultas sobre donde declarar la categor\u00eda SICADI en el SIGEVA UNLP. Al respecto informamos que la misma deber\u00eda ser declarada en la secci\u00f3n <strong>Cargos I+D, <\/strong>en el \u00edtem <a href=\"https:\/\/sigeva.unlp.edu.ar\/eva\/bcoCargoIDLista.do?idModulo=4&amp;idGrupo=4&amp;idMenu=1456\" target=\"_blank\" rel=\"noreferrer noopener\"><strong>Cargos de I+D en otro tipo de instituciones<\/strong><\/a><strong>.<\/strong><\/p>\n\n\n\n<p>En el mencionado \u00edtem, en el apartado <strong>Cargo para Realizar I+D <\/strong>se debe ingresar la categor\u00eda de la siguiente forma seg\u00fan corresponda:<\/p>\n\n\n\n<p><strong>DI1 &#8211; SICADI<\/strong> <br><strong>DI2 &#8211; SICADI<\/strong><br><strong>DI3 &#8211; SICADI<\/strong><br><strong>DI4 &#8211; SICADI<\/strong><br><strong>DI5 &#8211; SICADI<\/strong><\/p>\n<\/div>\n<\/div>\n<\/div><\/div>\n\n\n\n<hr class=\"wp-block-separator has-alpha-channel-opacity\" \/>\n<\/div>\n<\/div>\n\n\n\n<hr class=\"wp-block-separator has-alpha-channel-opacity\" \/>\n\n\n\n<ul class=\"wp-block-list\">\n<li><strong>El Observatorio Astron\u00f3mico busca transformarse en Patrimonio Mundial de la UNESCO<\/strong><\/li>\n<\/ul>\n\n\n\n<p>La Universidad Nacional de La Plata pondr\u00e1 en marcha un proceso de remodelaci\u00f3n y puesta en valor sin precedentes de los edificios del alto valor arquitect\u00f3nico de la Facultad de Ciencias Astron\u00f3micas y Geof\u00edsicas, emplazados en pleno coraz\u00f3n del Bosque Platense. El vicepresidente del \u00c1rea Acad\u00e9mica de la UNLP, Fernando Tauber, se reuni\u00f3 con la decana de la Facultad, Amalia Meza, para definir las caracter\u00edsticas del proyecto integral y delinear el plan de obras. La iniciativa se inscribe en el marco de un proyecto que de la casa de estudios platense para que el denominado Conjunto Edilicio Observatorio Astron\u00f3mico resulte declarado patrimonio mundial de la UNESCO.<br>M\u00e1s informaci\u00f3n:&nbsp;<a href=\"https:\/\/unlp.edu.ar\/gestion\/obras\/el-observatorio-astronomico-busca-transformarse-en-patrimonio-mundial-de-la-unesco-75889\/\">https:\/\/unlp.edu.ar\/gestion\/obras\/el-observatorio-astronomico-busca-transformarse-en-patrimonio-mundial-de-la-unesco-75889\/<\/a>&nbsp;<\/p>\n\n\n\n<hr class=\"wp-block-separator has-alpha-channel-opacity\" \/>\n\n\n\n<p><\/p>\n","protected":false},"excerpt":{"rendered":"<p>Cumplimos en informar sobre la apertura de una nueva Convocatoria de Ingreso a SICADI de Docentes Investigadores con lugar de trabajo en la UNLP, en sus dos modalidades (v\u00eda de equivalencia de categor\u00edas y v\u00eda de evaluaci\u00f3n de antecedentes). Fecha de la convocatoria: hasta el 30 de abril. -Destinatarios\/as de la Convocatoria: la ventana de&hellip;&nbsp;<a href=\"https:\/\/www.fcaglp.unlp.edu.ar\/index.php\/ciencia-y-tecnica\/novedades\/novedades-fcag\/\" rel=\"bookmark\">Read More &raquo;<span class=\"screen-reader-text\">NOVEDADES FCAG<\/span><\/a><\/p>\n","protected":false},"author":10,"featured_media":0,"parent":468,"menu_order":0,"comment_status":"closed","ping_status":"closed","template":"","meta":{"neve_meta_sidebar":"","neve_meta_container":"","neve_meta_enable_content_width":"","neve_meta_content_width":0,"neve_meta_title_alignment":"","neve_meta_author_avatar":"","neve_post_elements_order":"","neve_meta_disable_header":"","neve_meta_disable_footer":"","neve_meta_disable_title":"","neve_meta_reading_time":"","_themeisle_gutenberg_block_has_review":false,"footnotes":""},"class_list":["post-6123","page","type-page","status-publish","hentry"],"aioseo_notices":[],"_links":{"self":[{"href":"https:\/\/www.fcaglp.unlp.edu.ar\/index.php\/wp-json\/wp\/v2\/pages\/6123","targetHints":{"allow":["GET"]}}],"collection":[{"href":"https:\/\/www.fcaglp.unlp.edu.ar\/index.php\/wp-json\/wp\/v2\/pages"}],"about":[{"href":"https:\/\/www.fcaglp.unlp.edu.ar\/index.php\/wp-json\/wp\/v2\/types\/page"}],"author":[{"embeddable":true,"href":"https:\/\/www.fcaglp.unlp.edu.ar\/index.php\/wp-json\/wp\/v2\/users\/10"}],"replies":[{"embeddable":true,"href":"https:\/\/www.fcaglp.unlp.edu.ar\/index.php\/wp-json\/wp\/v2\/comments?post=6123"}],"version-history":[{"count":177,"href":"https:\/\/www.fcaglp.unlp.edu.ar\/index.php\/wp-json\/wp\/v2\/pages\/6123\/revisions"}],"predecessor-version":[{"id":17123,"href":"https:\/\/www.fcaglp.unlp.edu.ar\/index.php\/wp-json\/wp\/v2\/pages\/6123\/revisions\/17123"}],"up":[{"embeddable":true,"href":"https:\/\/www.fcaglp.unlp.edu.ar\/index.php\/wp-json\/wp\/v2\/pages\/468"}],"wp:attachment":[{"href":"https:\/\/www.fcaglp.unlp.edu.ar\/index.php\/wp-json\/wp\/v2\/media?parent=6123"}],"curies":[{"name":"wp","href":"https:\/\/api.w.org\/{rel}","templated":true}]}}