{"id":517,"date":"2022-03-09T12:12:01","date_gmt":"2022-03-09T15:12:01","guid":{"rendered":"http:\/\/www.fcaglp.unlp.edu.ar\/?page_id=517"},"modified":"2024-07-08T10:01:42","modified_gmt":"2024-07-08T13:01:42","slug":"depto-de-alumnos","status":"publish","type":"page","link":"https:\/\/www.fcaglp.unlp.edu.ar\/index.php\/academica\/depto-de-alumnos\/","title":{"rendered":"DEPTO. DE ALUMNOS"},"content":{"rendered":"\n<div id=\"wp-block-themeisle-blocks-advanced-columns-bd316234\" class=\"wp-block-themeisle-blocks-advanced-columns has-0-columns has-desktop-undefined-layout has-tablet-equal-layout has-mobile-equal-layout has-vertical-unset\"><div class=\"wp-block-themeisle-blocks-advanced-columns-overlay\"><\/div><div class=\"innerblocks-wrap\"><\/div><\/div>\n\n\n\n<div class=\"wp-block-columns is-layout-flex wp-container-core-columns-is-layout-9d6595d7 wp-block-columns-is-layout-flex\">\n<div class=\"wp-block-column is-layout-flow wp-block-column-is-layout-flow\">\n<p>El Departamento de Alumnos interact\u00faa especialmente con la Secretar\u00eda Acad\u00e9mica, la Prosecretar\u00eda Acad\u00e9mica y la Secretar\u00eda de Asuntos Estudiantiles. Entre sus diversas actividades, se encarga de la actividad de los estudiantes de las tres carreras de esta Facultad<\/p>\n\n\n\n<p>En este Departamento se realizan:<\/p>\n\n\n\n<ul class=\"wp-block-list\">\n<li>Inscripciones a las carreras, tr\u00e1mites de equivalencias, certificaciones: alumno regular\/ Anal\u00edticos\/ certificaci\u00f3n de programas y planes de estudio.<\/li>\n\n\n\n<li>Generaci\u00f3n de a\u00f1o y calendario acad\u00e9mico, requisitos de ingreso, fechas de inicio y finalizaci\u00f3n de cuatrimestres.<\/li>\n\n\n\n<li>Se insertan las comisiones\/ c\u00e1tedras con sus respectivos integrantes.<\/li>\n\n\n\n<li>Generaraci\u00f3n de turnos y mesas de examen: para todas las materias.<\/li>\n\n\n\n<li>Se asocian a los docentes, tanto de FCAG como de las distintas Facultades donde hay correlaci\u00f3n de estudio.<\/li>\n\n\n\n<li>Generaci\u00f3n de actas de cursadas y finales, establecimiento de Tomo y Folios.<\/li>\n\n\n\n<li>Tr\u00e1mites de excepciones, presentaci\u00f3n de materias optativas.<\/li>\n\n\n\n<li>Egresos de alumnos (tr\u00e1mite de inicio de t\u00edtulo).<\/li>\n<\/ul>\n<\/div>\n\n\n\n<div class=\"wp-block-column is-layout-flow wp-block-column-is-layout-flow\">\n<p><strong>Contacto:&nbsp;<a href=\"mailto:alumnos@fcaglp.unlp.edu.ar\" target=\"_blank\" rel=\"noreferrer noopener\">alumnos@fcaglp.unlp.edu.ar<\/a><\/strong><\/p>\n\n\n\n<p><strong>Horario de atenci\u00f3n: 9.00 a 16.00h<\/strong><br>&#8212;&#8212;&#8212;&#8212;&#8212;&#8212;&#8212;&#8212;&#8212;&#8212;&#8212;&#8212;&#8212;&#8212;&#8212;&#8212;&#8212;&#8212;&#8212;&#8212;<\/p>\n<\/div>\n<\/div>\n","protected":false},"excerpt":{"rendered":"<p>El Departamento de Alumnos interact\u00faa especialmente con la Secretar\u00eda Acad\u00e9mica, la Prosecretar\u00eda Acad\u00e9mica y la Secretar\u00eda de Asuntos Estudiantiles. Entre sus diversas actividades, se encarga de la actividad de los estudiantes de las tres carreras de esta Facultad En este Departamento se realizan: Contacto:&nbsp;alumnos@fcaglp.unlp.edu.ar Horario de atenci\u00f3n: 9.00 a 16.00h&#8212;&#8212;&#8212;&#8212;&#8212;&#8212;&#8212;&#8212;&#8212;&#8212;&#8212;&#8212;&#8212;&#8212;&#8212;&#8212;&#8212;&#8212;&#8212;&#8212;<\/p>\n","protected":false},"author":3,"featured_media":0,"parent":42,"menu_order":0,"comment_status":"closed","ping_status":"closed","template":"","meta":{"neve_meta_sidebar":"","neve_meta_container":"","neve_meta_enable_content_width":"","neve_meta_content_width":0,"neve_meta_title_alignment":"","neve_meta_author_avatar":"","neve_post_elements_order":"","neve_meta_disable_header":"","neve_meta_disable_footer":"","neve_meta_disable_title":"","neve_meta_reading_time":"","_themeisle_gutenberg_block_has_review":false,"footnotes":""},"class_list":["post-517","page","type-page","status-publish","hentry"],"aioseo_notices":[],"_links":{"self":[{"href":"https:\/\/www.fcaglp.unlp.edu.ar\/index.php\/wp-json\/wp\/v2\/pages\/517","targetHints":{"allow":["GET"]}}],"collection":[{"href":"https:\/\/www.fcaglp.unlp.edu.ar\/index.php\/wp-json\/wp\/v2\/pages"}],"about":[{"href":"https:\/\/www.fcaglp.unlp.edu.ar\/index.php\/wp-json\/wp\/v2\/types\/page"}],"author":[{"embeddable":true,"href":"https:\/\/www.fcaglp.unlp.edu.ar\/index.php\/wp-json\/wp\/v2\/users\/3"}],"replies":[{"embeddable":true,"href":"https:\/\/www.fcaglp.unlp.edu.ar\/index.php\/wp-json\/wp\/v2\/comments?post=517"}],"version-history":[{"count":5,"href":"https:\/\/www.fcaglp.unlp.edu.ar\/index.php\/wp-json\/wp\/v2\/pages\/517\/revisions"}],"predecessor-version":[{"id":7784,"href":"https:\/\/www.fcaglp.unlp.edu.ar\/index.php\/wp-json\/wp\/v2\/pages\/517\/revisions\/7784"}],"up":[{"embeddable":true,"href":"https:\/\/www.fcaglp.unlp.edu.ar\/index.php\/wp-json\/wp\/v2\/pages\/42"}],"wp:attachment":[{"href":"https:\/\/www.fcaglp.unlp.edu.ar\/index.php\/wp-json\/wp\/v2\/media?parent=517"}],"curies":[{"name":"wp","href":"https:\/\/api.w.org\/{rel}","templated":true}]}}