{"id":515,"date":"2022-03-09T12:11:43","date_gmt":"2022-03-09T15:11:43","guid":{"rendered":"http:\/\/www.fcaglp.unlp.edu.ar\/?page_id=515"},"modified":"2024-10-29T09:51:44","modified_gmt":"2024-10-29T12:51:44","slug":"secretaria-academica","status":"publish","type":"page","link":"https:\/\/www.fcaglp.unlp.edu.ar\/index.php\/academica\/secretaria-academica\/","title":{"rendered":"LA SECRETAR\u00cdA"},"content":{"rendered":"\n<p><\/p>\n\n\n\n<div class=\"wp-block-columns is-layout-flex wp-container-core-columns-is-layout-9d6595d7 wp-block-columns-is-layout-flex\">\n<div class=\"wp-block-column is-layout-flow wp-block-column-is-layout-flow\">\n<p>La Secretar\u00eda de Asuntos Acad\u00e9micos interviene en los distintos aspectos vinculados a la Ense\u00f1anza de Grado en los t\u00e9rminos de lo establecido por el Estatuto de la Universidad Nacional de La Plata. En tal sentido, asiste al Decano en todo lo relativo a la actividad acad\u00e9mica de la Facultad, asesorando y orientando en relaci\u00f3n a los objetivos y la gesti\u00f3n acad\u00e9mica, y proyectando las pol\u00edticas respectivas.<br><br>Para ello establece una articulaci\u00f3n entre las c\u00e1tedras de grado de las distintas licenciaturas que se imparten en esta Unidad Acad\u00e9mica y el resto de las dependencias administrativas y espacios institucionales de los que se requiera intervenci\u00f3n dentro y fuera de la propia Facultad. Contribuye al seguimiento de planes de estudio, r\u00e9gimen de promoci\u00f3n de los alumnos y emisi\u00f3n y validaci\u00f3n de t\u00edtulos, promoviendo la vinculaci\u00f3n con sus graduados. Interviene, adem\u00e1s, en el dise\u00f1o e implementaci\u00f3n de las Estrategias de ingreso, permanencia y egreso de los estudiantes, y en los procesos de Concursos docentes y otros mecanismos que favorezcan el normal desarrollo de las asignaturas curriculares.<\/p>\n\n\n\n<div class=\"wp-block-file\"><a id=\"wp-block-file--media-2671cd36-c12b-485c-82c9-7593461294ea\" href=\"https:\/\/www.fcaglp.unlp.edu.ar\/wp-content\/uploads\/2024\/05\/reglamento_17_2022.-5007-02-_firmado-2.pdf\">R\u00c9GIMEN ACAD\u00c9MICO DE GRADO<\/a><\/div>\n<\/div>\n\n\n\n<div class=\"wp-block-column is-layout-flow wp-block-column-is-layout-flow\">\n<p>Asimismo, organiza y colabora con las sesiones del Consejo Directivo y con las actividades relativas a sus Comisiones Asesoras y a los Consejos Consultivos Departamentales.<\/p>\n\n\n\n<p>Dependen de esta Secretar\u00eda las siguientes dependencias y programas:<\/p>\n\n\n\n<ul class=\"wp-block-list\">\n<li>Prosecretar\u00eda de Asuntos Acad\u00e9micos.<\/li>\n\n\n\n<li>Direcci\u00f3n de Ense\u00f1anza.<\/li>\n\n\n\n<li>Direcci\u00f3n Profesorado y Concursos.<\/li>\n\n\n\n<li>Direcci\u00f3n de Asuntos Estudiantiles.<\/li>\n\n\n\n<li>Unidad de Vinculaci\u00f3n Profesional.<\/li>\n\n\n\n<li>Programas de Tutor\u00edas.<\/li>\n\n\n\n<li>Ingreso.<\/li>\n<\/ul>\n\n\n\n<p><strong>CONTACTO<\/strong><br><a href=\"mailto:academic@fcaglp.unlp.edu.ar\" target=\"_blank\" rel=\"noreferrer noopener\">academic@fcaglp.unlp.edu.ar<\/a>    <br><a href=\"mailto:proacademic@fcaglp.unlp.edu.ar\" target=\"_blank\" rel=\"noreferrer noopener\">proacademic@fcaglp.unlp.edu.ar<\/a><\/p>\n<\/div>\n<\/div>\n\n\n\n<div class=\"wp-block-columns is-layout-flex wp-container-core-columns-is-layout-9d6595d7 wp-block-columns-is-layout-flex\">\n<div class=\"wp-block-column is-layout-flow wp-block-column-is-layout-flow\"><\/div>\n\n\n\n<div class=\"wp-block-column is-layout-flow wp-block-column-is-layout-flow\"><\/div>\n<\/div>\n","protected":false},"excerpt":{"rendered":"<p>La Secretar\u00eda de Asuntos Acad\u00e9micos interviene en los distintos aspectos vinculados a la Ense\u00f1anza de Grado en los t\u00e9rminos de lo establecido por el Estatuto de la Universidad Nacional de La Plata. En tal sentido, asiste al Decano en todo lo relativo a la actividad acad\u00e9mica de la Facultad, asesorando y orientando en relaci\u00f3n a&hellip;&nbsp;<a href=\"https:\/\/www.fcaglp.unlp.edu.ar\/index.php\/academica\/secretaria-academica\/\" rel=\"bookmark\">Read More &raquo;<span class=\"screen-reader-text\">LA SECRETAR\u00cdA<\/span><\/a><\/p>\n","protected":false},"author":3,"featured_media":0,"parent":42,"menu_order":0,"comment_status":"closed","ping_status":"closed","template":"","meta":{"neve_meta_sidebar":"","neve_meta_container":"","neve_meta_enable_content_width":"","neve_meta_content_width":0,"neve_meta_title_alignment":"","neve_meta_author_avatar":"","neve_post_elements_order":"","neve_meta_disable_header":"","neve_meta_disable_footer":"","neve_meta_disable_title":"","neve_meta_reading_time":"","_themeisle_gutenberg_block_has_review":false,"footnotes":""},"class_list":["post-515","page","type-page","status-publish","hentry"],"aioseo_notices":[],"_links":{"self":[{"href":"https:\/\/www.fcaglp.unlp.edu.ar\/index.php\/wp-json\/wp\/v2\/pages\/515","targetHints":{"allow":["GET"]}}],"collection":[{"href":"https:\/\/www.fcaglp.unlp.edu.ar\/index.php\/wp-json\/wp\/v2\/pages"}],"about":[{"href":"https:\/\/www.fcaglp.unlp.edu.ar\/index.php\/wp-json\/wp\/v2\/types\/page"}],"author":[{"embeddable":true,"href":"https:\/\/www.fcaglp.unlp.edu.ar\/index.php\/wp-json\/wp\/v2\/users\/3"}],"replies":[{"embeddable":true,"href":"https:\/\/www.fcaglp.unlp.edu.ar\/index.php\/wp-json\/wp\/v2\/comments?post=515"}],"version-history":[{"count":8,"href":"https:\/\/www.fcaglp.unlp.edu.ar\/index.php\/wp-json\/wp\/v2\/pages\/515\/revisions"}],"predecessor-version":[{"id":9647,"href":"https:\/\/www.fcaglp.unlp.edu.ar\/index.php\/wp-json\/wp\/v2\/pages\/515\/revisions\/9647"}],"up":[{"embeddable":true,"href":"https:\/\/www.fcaglp.unlp.edu.ar\/index.php\/wp-json\/wp\/v2\/pages\/42"}],"wp:attachment":[{"href":"https:\/\/www.fcaglp.unlp.edu.ar\/index.php\/wp-json\/wp\/v2\/media?parent=515"}],"curies":[{"name":"wp","href":"https:\/\/api.w.org\/{rel}","templated":true}]}}