{"id":486,"date":"2022-03-09T12:07:24","date_gmt":"2022-03-09T15:07:24","guid":{"rendered":"http:\/\/www.fcaglp.unlp.edu.ar\/?page_id=486"},"modified":"2025-06-19T12:11:11","modified_gmt":"2025-06-19T15:11:11","slug":"maestria","status":"publish","type":"page","link":"https:\/\/www.fcaglp.unlp.edu.ar\/index.php\/posgrado\/carreras-posgrado\/maestria\/","title":{"rendered":"MAESTR\u00cdA"},"content":{"rendered":"\n<div id=\"wp-block-themeisle-blocks-advanced-columns-85e7177f\" class=\"wp-block-themeisle-blocks-advanced-columns has-2-columns has-desktop-equal-layout has-tablet-equal-layout has-mobile-collapsedRows-layout has-vertical-unset\"><div class=\"wp-block-themeisle-blocks-advanced-columns-overlay\"><\/div><div class=\"innerblocks-wrap\">\n<div id=\"wp-block-themeisle-blocks-advanced-column-ddfedeab\" class=\"wp-block-themeisle-blocks-advanced-column\">\n<p><strong>Maestr\u00eda en Geom\u00e1tica<\/strong><\/p>\n\n\n\n<p>La Maestr\u00eda en Geom\u00e1tica tiene como objetivo principal formar profesionales<br>especializados en todas las actividades relacionadas con la adquisici\u00f3n, producci\u00f3n, manejo y aplicaciones de la informaci\u00f3n geogr\u00e1fica informatizada.<\/p>\n\n\n\n<p><strong>Sede Administrativa:<\/strong> EPEC Facultad de Ingenier\u00eda de la UNLP. <a href=\"mailto:epec@ing.unlp.edu.ar\">epec@ing.unlp.edu.ar<\/a><\/p>\n\n\n\n<p><strong>Secretar\u00eda de la Maestr\u00eda en Geom\u00e1tica:<\/strong> <a href=\"mailto:maestria.geomatica.unlp@gmail.com\">maestria.geomatica.unlp@gmail.com<\/a><\/p>\n\n\n\n<p><strong>M\u00e1s informaci\u00f3n:<\/strong> <a href=\"http:\/\/maestriageomaticau.wixsite.com\/geomatica-unlp\" title=\"\">http:\/\/maestriageomaticau.wixsite.com\/geomatica-unlp<\/a><\/p>\n<\/div>\n\n\n\n<div id=\"wp-block-themeisle-blocks-advanced-column-eb8ad8bd\" class=\"wp-block-themeisle-blocks-advanced-column\">\n<p><br><\/p>\n<\/div>\n<\/div><\/div>\n","protected":false},"excerpt":{"rendered":"","protected":false},"author":13,"featured_media":0,"parent":6798,"menu_order":0,"comment_status":"closed","ping_status":"closed","template":"","meta":{"neve_meta_sidebar":"","neve_meta_container":"","neve_meta_enable_content_width":"","neve_meta_content_width":0,"neve_meta_title_alignment":"","neve_meta_author_avatar":"","neve_post_elements_order":"","neve_meta_disable_header":"","neve_meta_disable_footer":"","neve_meta_disable_title":"","neve_meta_reading_time":"","_themeisle_gutenberg_block_has_review":false,"footnotes":""},"class_list":["post-486","page","type-page","status-publish","hentry"],"aioseo_notices":[],"_links":{"self":[{"href":"https:\/\/www.fcaglp.unlp.edu.ar\/index.php\/wp-json\/wp\/v2\/pages\/486","targetHints":{"allow":["GET"]}}],"collection":[{"href":"https:\/\/www.fcaglp.unlp.edu.ar\/index.php\/wp-json\/wp\/v2\/pages"}],"about":[{"href":"https:\/\/www.fcaglp.unlp.edu.ar\/index.php\/wp-json\/wp\/v2\/types\/page"}],"author":[{"embeddable":true,"href":"https:\/\/www.fcaglp.unlp.edu.ar\/index.php\/wp-json\/wp\/v2\/users\/13"}],"replies":[{"embeddable":true,"href":"https:\/\/www.fcaglp.unlp.edu.ar\/index.php\/wp-json\/wp\/v2\/comments?post=486"}],"version-history":[{"count":5,"href":"https:\/\/www.fcaglp.unlp.edu.ar\/index.php\/wp-json\/wp\/v2\/pages\/486\/revisions"}],"predecessor-version":[{"id":12642,"href":"https:\/\/www.fcaglp.unlp.edu.ar\/index.php\/wp-json\/wp\/v2\/pages\/486\/revisions\/12642"}],"up":[{"embeddable":true,"href":"https:\/\/www.fcaglp.unlp.edu.ar\/index.php\/wp-json\/wp\/v2\/pages\/6798"}],"wp:attachment":[{"href":"https:\/\/www.fcaglp.unlp.edu.ar\/index.php\/wp-json\/wp\/v2\/media?parent=486"}],"curies":[{"name":"wp","href":"https:\/\/api.w.org\/{rel}","templated":true}]}}