{"id":460,"date":"2024-09-27T11:50:20","date_gmt":"2024-09-27T14:50:20","guid":{"rendered":"http:\/\/www.fcaglp.unlp.edu.ar\/?page_id=460"},"modified":"2024-11-28T13:18:38","modified_gmt":"2024-11-28T16:18:38","slug":"institutos","status":"publish","type":"page","link":"https:\/\/www.fcaglp.unlp.edu.ar\/index.php\/ciencia-y-tecnica\/institutos\/","title":{"rendered":"INSTITUTOS y GRUPOS"},"content":{"rendered":"\n<div class=\"wp-block-columns is-layout-flex wp-container-core-columns-is-layout-9d6595d7 wp-block-columns-is-layout-flex\">\n<div class=\"wp-block-column is-layout-flow wp-block-column-is-layout-flow\" style=\"flex-basis:100%\">\n<div id=\"wp-block-themeisle-blocks-advanced-columns-609d3029\" class=\"wp-block-themeisle-blocks-advanced-columns has-1-columns has-desktop-equal-layout has-tablet-equal-layout has-mobile-equal-layout has-vertical-unset\"><div class=\"wp-block-themeisle-blocks-advanced-columns-overlay\"><\/div><div class=\"innerblocks-wrap\">\n<div id=\"wp-block-themeisle-blocks-advanced-column-a179f685\" class=\"wp-block-themeisle-blocks-advanced-column\">\n<div class=\"wp-block-columns is-layout-flex wp-container-core-columns-is-layout-9d6595d7 wp-block-columns-is-layout-flex\">\n<div class=\"wp-block-column is-layout-flow wp-block-column-is-layout-flow\">\n<p><strong>Institutos, Unidades de Investigaci\u00f3n, Laboratorios:<\/strong><\/p>\n\n\n\n<ul class=\"wp-block-list\">\n<li><a href=\"http:\/\/www.maggia.unlp.edu.ar\/\">Laboratorio MAGGIA<\/a><\/li>\n\n\n\n<li><a href=\"http:\/\/ialp.fcaglp.unlp.edu.ar\/\">Instituto de Astrof\u00edsica de La Plata<\/a>&nbsp;(IALP)<\/li>\n\n\n\n<li><a href=\"https:\/\/www.fcaglp.unlp.edu.ar\/uploads\/docs\/locepdf.pdf\">Laboratorio de Optica, Calibraciones y Ensayos&nbsp;<\/a>(LOCE)<\/li>\n<\/ul>\n<\/div>\n\n\n\n<div class=\"wp-block-column is-layout-flow wp-block-column-is-layout-flow\"><\/div>\n<\/div>\n\n\n\n<p><strong>Grupos<\/strong> <strong>y Departamentos:<\/strong><\/p>\n\n\n\n<ul class=\"wp-block-list\">\n<li><a href=\"https:\/\/sites.google.com\/view\/alas-ialp-fcaglp\/home?authuser=0\" title=\"\">Astrophysics\u00a0with Large Astronomical Surveys<\/a> (ALAS)<\/li>\n\n\n\n<li><a href=\"http:\/\/fcaglp.fcaglp.unlp.edu.ar\/~gbaume\/grupo\/\" target=\"_blank\" rel=\"noreferrer noopener\">Agrupaciones estelares, medio interestelar y galaxias activas<\/a>&nbsp;(AMIGA)<\/li>\n\n\n\n<li><a href=\"http:\/\/fcaglp.fcaglp.unlp.edu.ar\/~egiorgi\/cumulos\/\" target=\"_blank\" rel=\"noreferrer noopener\">Astrof\u00edsica de C\u00famulos Abiertos<\/a><\/li>\n\n\n\n<li>Astrometr\u00eda y Geodesia Espacial<\/li>\n\n\n\n<li>Caos en Sistemas Hamiltonianos<\/li>\n\n\n\n<li>Caracterizaci\u00f3n Observacional de N\u00facleos de Galaxias Activas (CONGA)<\/li>\n\n\n\n<li>Cinem\u00e1tica de Grupos Estelares en Movimiento&nbsp; (CIGEM)&nbsp;<\/li>\n\n\n\n<li><a href=\"http:\/\/cosmologia.fcaglp.unlp.edu.ar\/\/\">Grupo de Cosmolog\u00eda<\/a><\/li>\n\n\n\n<li><a href=\"http:\/\/gap.fcaglp.unlp.edu.ar\/\" target=\"_blank\" rel=\"noreferrer noopener\">Grupo de Astrof\u00edsica Planetaria (GAP)<\/a><\/li>\n\n\n\n<li><a href=\"https:\/\/garx.iar.unlp.edu.ar\/index.html\" title=\"\">Grupo de Astrof\u00edsica de Rayos X<\/a><\/li>\n\n\n\n<li><a href=\"http:\/\/www2.fisica.unlp.edu.ar\/nuclear\/\">Grupo de F\u00edsica nuclear te\u00f3rica (<\/a>Grupo interdisciplinar IFLP-FCAG)<\/li>\n\n\n\n<li><a href=\"https:\/\/arco.fcaglp.unlp.edu.ar\/\">Grupo de Astrof\u00edsica de Remanentes Compactos (ARCo)<\/a><\/li>\n\n\n\n<li>Grupo de Investigaciones Climatol\u00f3gicas<\/li>\n\n\n\n<li><a href=\"http:\/\/gemae.fcaglp.unlp.edu.ar\/\">Grupo de investigaci\u00f3n de Estrellas Masivas y Agrupaciones Estelares<\/a><\/li>\n\n\n\n<li><a href=\"http:\/\/evolgroup.fcaglp.unlp.edu.ar\/\">Grupo de Investigaci\u00f3n sobre Pulsaci\u00f3n y Evoluci\u00f3n Estelar<\/a><\/li>\n\n\n\n<li><a href=\"http:\/\/mna.fcaglp.unlp.edu.ar\/\" title=\"\">Grupo de Modelado Num\u00e9rico&nbsp;de la Atmosfera<\/a><\/li>\n\n\n\n<li><a href=\"http:\/\/go.fcaglp.unlp.edu.ar\/\" target=\"_blank\" rel=\"noreferrer noopener\">Grupo Origen&nbsp;(GO)<\/a><\/li>\n\n\n\n<li><a href=\"http:\/\/dtoelectronica.fcaglp.unlp.edu.ar\/\">Departamento de Electr\u00f3nica&nbsp;<\/a><\/li>\n\n\n\n<li>Departamento de Geof\u00edsica Aplicada<\/li>\n\n\n\n<li><a href=\"http:\/\/fcaglp.unlp.edu.ar\/deptoSyM\/\" target=\"_blank\" rel=\"noreferrer noopener\">Departamento de Sismolog\u00eda e informaci\u00f3n Meteorol\u00f3gica<\/a><\/li>\n\n\n\n<li>Din\u00e1mica de Sistemas Estelares<\/li>\n\n\n\n<li>Estrellas Masivas<\/li>\n\n\n\n<li>Estructuras de HI y Formaci\u00f3n Estelar Gal\u00e1ctica (EsFEGa)<\/li>\n\n\n\n<li>Estudios Observacionales de Blazares y Galaxias Peculiares<\/li>\n\n\n\n<li><a href=\"http:\/\/fcaglp.fcaglp.unlp.edu.ar\/evolgroup\">Evoluci\u00f3n Estelar y Pulsaciones<\/a><\/li>\n\n\n\n<li>Evoluci\u00f3n Estelar y Sistemas Binarios<\/li>\n\n\n\n<li>Formaci\u00f3n y Evoluci\u00f3n de Galaxias<\/li>\n\n\n\n<li><a href=\"http:\/\/fringe.iar.unlp.edu.ar\/\" target=\"_blank\" rel=\"noreferrer noopener\">Fringe: formaci\u00f3n en radio interferometr\u00eda<\/a><\/li>\n\n\n\n<li>Fotometr\u00eda y Estructura Gal\u00e1ctica<\/li>\n\n\n\n<li>Geodesia Espacial y Aeronom\u00eda (GESA)<\/li>\n\n\n\n<li><a href=\"http:\/\/garra.iar.unlp.edu.ar\/\">Grupo de Astrof\u00edsica Relativista y Radioastronom\u00eda (GARRA)<\/a><\/li>\n\n\n\n<li><a href=\"http:\/\/metis.fcaglp.unlp.edu.ar\/\">M\u00e9todos Especializados para el Tratamiento de la Informaci\u00f3n S\u00edsmica<\/a>&nbsp;(METIS)<\/li>\n\n\n\n<li><a href=\"http:\/\/mep.fcaglp.unlp.edu.ar\/\">Modelos de Estrellas Peculiares<\/a><\/li>\n\n\n\n<li><a href=\"https:\/\/sos.fcaglp.unlp.edu.ar\/\">Simulaciones y Observaciones de Supernovas (S.O.S.)<\/a><\/li>\n\n\n\n<li><a href=\"http:\/\/gae.fcaglp.unlp.edu.ar\/\" title=\"\">Grupo de Astronom\u00eda Extragal\u00e1ctica<\/a>\u00a0(GAE)<\/li>\n\n\n\n<li>Sistema Estelares: Observaciones y Simulaciones (SEOS)<\/li>\n\n\n\n<li>Sistemas magnetohidrodin\u00e1micos de inter\u00e9s en Astronom\u00eda y Geof\u00edsica<\/li>\n<\/ul>\n\n\n\n<p><\/p>\n\n\n\n<p><strong>ENLACES \u2013 REVISTAS, PUBLICACIONES E INSTITUCIONES<\/strong><\/p>\n\n\n\n<p>Los enlaces a las publicaciones en astronom\u00eda son acompa\u00f1ados, entre par\u00e9ntesis, por la sigla com\u00fanmente usada en las referencias, el \u00faltimo factor de impacto informado por las revistas (a febrero de 2017) y por el \u00edndice de impacto SJR (<a href=\"http:\/\/www.scimagojr.com\/journalrank.php?category=3103&amp;year=2015\" target=\"_blank\" rel=\"noreferrer noopener\">Scimago Journal Ranking<\/a>), realizado por el sitio de estad\u00edsticas de revistas cient\u00edficas \u201cScimago\u201d. Este \u00edndice se calcula como el n\u00famero pesado de citas realizadas a los documentos publicados en la revista en los \u00faltimos 3 a\u00f1os.<\/p>\n\n\n\n<p><strong>BUSCADORES DE ART\u00cdCULOS<\/strong><\/p>\n\n\n\n<ul class=\"wp-block-list\">\n<li><a href=\"https:\/\/ui.adsabs.harvard.edu\/\">ADS Abstracts<\/a><\/li>\n\n\n\n<li><a href=\"https:\/\/arxiv.org\/archive\/astro-ph\">Arxiv.org (astro-ph)<\/a><\/li>\n<\/ul>\n\n\n\n<p><strong>PUBLICACIONES ASTRON\u00d3MICAS INTERNACIONALES<\/strong><\/p>\n\n\n\n<ul class=\"wp-block-list\">\n<li><a href=\"https:\/\/iopscience.iop.org\/journal\/0004-637X\">The Astrophysical Journal<\/a>&nbsp;(ApJ, IF: 5909 SJR: 3266)<\/li>\n\n\n\n<li><a href=\"http:\/\/www.iop.org\/EJ\/journal\/1538-4357\">The Astrophysical Journal Letters&nbsp;<\/a>(ApJL, IF: 5487 SJR: 3369)<\/li>\n\n\n\n<li><a href=\"https:\/\/iopscience.iop.org\/journal\/1538-3881\">The Astronomical Journal<\/a><a href=\"http:\/\/iopscience.iop.org\/journal\/1538-3881\">&nbsp;<\/a>(AJ, IF: 4617 SJR: 3069)<\/li>\n\n\n\n<li><a href=\"http:\/\/iopscience.iop.org\/journal\/0067-0049\">The Astrophysical Journal Supplement Series&nbsp;<\/a>(ApJSS, IF: 11257 SJR: 6522)<\/li>\n\n\n\n<li><a href=\"http:\/\/www.aanda.org\/\">Astronomy &amp; Astrophysics<\/a>&nbsp;(A&amp;A, IF: 5185 SJR: 2446)<\/li>\n\n\n\n<li><a href=\"http:\/\/www.annualreviews.org\/journal\/astro\">Annual Review of Astronomy and Astrophysics<\/a>&nbsp;(ARA&amp;A, IF: 37843, SJR: 27065)<\/li>\n\n\n\n<li><a href=\"http:\/\/link.springer.com\/journal\/159\">The Astronomy &amp; Astrophysics Review<\/a>&nbsp;(A&amp;AR, IF: 12.136 , SJR: 4511 )<\/li>\n\n\n\n<li><a href=\"https:\/\/academic.oup.com\/mnras\">Monthly Notices of the Royal Astronomical Society<\/a>&nbsp;(MNRAS, IF: 4961, SJR:2338)<\/li>\n\n\n\n<li><a href=\"http:\/\/www.nature.com\/natastron\/\">Nature<\/a>&nbsp;(Nature, IF: 40137, SJR: 18134)<\/li>\n\n\n\n<li><a href=\"https:\/\/www.nature.com\/natastron\/\">Nature Astronomy<\/a>&nbsp;(NatAstr., IF: \u2013 , SJR: \u2013 )<\/li>\n\n\n\n<li><a href=\"http:\/\/www.sciencemag.org\/\">Science<\/a>&nbsp;(Science, IF: , SJR: 13535)<\/li>\n\n\n\n<li><a href=\"http:\/\/www.springer.com\/astronomy\/journal\/10569\">Celestial Mechanics and&nbsp; Dinamical Astronomy<\/a>&nbsp;(Cel Mech, IF: 1584, SJR: 0.613)<\/li>\n\n\n\n<li><a href=\"https:\/\/www.journals.elsevier.com\/icarus\/\">Icarus<\/a><a>&nbsp;<\/a>(, IF: 3131 SJR: 2462)<\/li>\n<\/ul>\n\n\n\n<p><strong>PUBLICACIONES ASTRON\u00d3MICAS LATINOAMERICANAS<\/strong><\/p>\n\n\n\n<ul class=\"wp-block-list\">\n<li><a href=\"http:\/\/www.astronomiaargentina.org.ar\/actas_workshops\">Actas de los Workshop de la Asociaci\u00f3n Argentina de Astronom\u00eda&nbsp;<\/a><\/li>\n\n\n\n<li><a href=\"http:\/\/www.astronomiaargentina.org.ar\/boletin_aaa\">Boletin de la Asociaci\u00f3n Argentina de Astronom\u00eda&nbsp;<\/a>(BAAA)<\/li>\n\n\n\n<li><a href=\"http:\/\/www.revistas.unam.mx\/index.php\/revmexaa\">Revista Mexicana de Astronom\u00eda y Astrof\u00edsica<\/a>&nbsp;(RevMexAA, IF: 2364 SJR: 1268)<\/li>\n<\/ul>\n\n\n\n<p><strong>Enlaces \u2013 Instituciones Argentinas<\/strong><\/p>\n\n\n\n<ul class=\"wp-block-list\">\n<li><a href=\"http:\/\/www.agencia.gov.ar\/\">Agencia Nacional de Promoci\u00f3n Cient\u00edfica y Tecnol\u00f3gica<\/a>&nbsp;(ANPCyT)<\/li>\n\n\n\n<li><a href=\"http:\/\/www.astronomiaargentina.org.ar\/\">Asociaci\u00f3n Argentina de Astronom\u00eda<\/a>&nbsp;(AAA)<\/li>\n\n\n\n<li><a href=\"http:\/\/www.cenamet.org.ar\/\" target=\"_blank\" rel=\"noreferrer noopener\">Centro Argentino de Meteor\u00f3logos<\/a>&nbsp;(CAM)<\/li>\n\n\n\n<li><a href=\"http:\/\/www.cic.gba.gov.ar\/\">Comisi\u00f3n de Investigaciones Cient\u00edficas<\/a>&nbsp;(CIC)<\/li>\n\n\n\n<li><a href=\"http:\/\/www.casleo.gov.ar\/\">Complejo Astron\u00f3mico El Leoncito<\/a>&nbsp;(CASLEO)<\/li>\n\n\n\n<li><a href=\"http:\/\/www.conicet.gov.ar\/index.php\">Consejo Nacional de Investigaciones Cient\u00edficas y T\u00e9cnicas<\/a>&nbsp;(CONICET)<\/li>\n\n\n\n<li><a href=\"http:\/\/iate.oac.uncor.edu\/\">Instituto de Astronom\u00eda Te\u00f3rica y Experimental<\/a>&nbsp;(IATE)<\/li>\n\n\n\n<li><a href=\"http:\/\/www.iar.unlp.edu.ar\/\">Instituto Argentino de Radioastronom\u00eda<\/a>&nbsp;(IAR)<\/li>\n\n\n\n<li><a href=\"http:\/\/www.iafe.uba.ar\/\">Instituto de Astronom\u00eda y F\u00edsica del Espacio<\/a>&nbsp;(IAFE)<\/li>\n\n\n\n<li><a href=\"https:\/\/www.ign.gob.ar\/\">Instituto Geogr\u00e1fico Nacional&nbsp;<\/a>(IGN)<\/li>\n\n\n\n<li><a href=\"https:\/\/www.ina.gov.ar\/\">Instituto Nacional del Agua (INA)<\/a><\/li>\n\n\n\n<li><a href=\"https:\/\/www.argentina.gob.ar\/ciencia\">Ministerio de Ciencia, Tecnolog\u00eda e Innovaci\u00f3n Productiva<\/a>&nbsp;(MINCyT)<\/li>\n\n\n\n<li><a href=\"https:\/\/oac.unc.edu.ar\/\">Observatorio Astron\u00f3mico de C\u00f3rdoba<\/a><a href=\"http:\/\/oac.unc.edu.ar\/\">&nbsp;<\/a>(OAC)<\/li>\n\n\n\n<li><a href=\"https:\/\/exactas.unsj.edu.ar\/investigacion\/observatorio-astronomico-felix-aguilar-oafa\/\">Observatorio Astron\u00f3mico F\u00e9lix Aguilar<\/a>&nbsp;(OAFA)<\/li>\n\n\n\n<li><a href=\"https:\/\/www.aggo-conicet.gob.ar\/\">Observatorio Argentino-Alem\u00e1n de Geodesia<\/a>&nbsp;(AGGO)<\/li>\n\n\n\n<li><a href=\"https:\/\/www.argentina.gob.ar\/ciencia\/sact\/gemini-argentina\">Oficina Gemini Argentina<\/a>&nbsp;(OGA)<\/li>\n\n\n\n<li><a href=\"http:\/\/www.hidro.gov.ar\/\">Servicio de Hidrograf\u00eda Naval<\/a>&nbsp;(SHN)<\/li>\n\n\n\n<li><a href=\"https:\/\/www.smn.gob.ar\/\">Servicio Meteorol\u00f3gico Nacional&nbsp;<\/a>(SMN)<\/li>\n<\/ul>\n\n\n\n<p><strong>Enlaces \u2013 Instituciones Internacionales<\/strong><\/p>\n\n\n\n<ul class=\"wp-block-list\">\n<li><a href=\"http:\/\/www.gemini.edu\/\">Observatorio Gemini<\/a><\/li>\n\n\n\n<li><a href=\"https:\/\/www.iau.org\/\">International Astronomical Union<\/a>&nbsp;(IAU)<\/li>\n<\/ul>\n<\/div>\n<\/div><\/div>\n<\/div>\n<\/div>\n","protected":false},"excerpt":{"rendered":"","protected":false},"author":10,"featured_media":0,"parent":41,"menu_order":0,"comment_status":"closed","ping_status":"closed","template":"","meta":{"neve_meta_sidebar":"","neve_meta_container":"","neve_meta_enable_content_width":"","neve_meta_content_width":0,"neve_meta_title_alignment":"","neve_meta_author_avatar":"","neve_post_elements_order":"","neve_meta_disable_header":"","neve_meta_disable_footer":"","neve_meta_disable_title":"","neve_meta_reading_time":"","_themeisle_gutenberg_block_has_review":false,"footnotes":""},"class_list":["post-460","page","type-page","status-publish","hentry"],"aioseo_notices":[],"_links":{"self":[{"href":"https:\/\/www.fcaglp.unlp.edu.ar\/index.php\/wp-json\/wp\/v2\/pages\/460","targetHints":{"allow":["GET"]}}],"collection":[{"href":"https:\/\/www.fcaglp.unlp.edu.ar\/index.php\/wp-json\/wp\/v2\/pages"}],"about":[{"href":"https:\/\/www.fcaglp.unlp.edu.ar\/index.php\/wp-json\/wp\/v2\/types\/page"}],"author":[{"embeddable":true,"href":"https:\/\/www.fcaglp.unlp.edu.ar\/index.php\/wp-json\/wp\/v2\/users\/10"}],"replies":[{"embeddable":true,"href":"https:\/\/www.fcaglp.unlp.edu.ar\/index.php\/wp-json\/wp\/v2\/comments?post=460"}],"version-history":[{"count":8,"href":"https:\/\/www.fcaglp.unlp.edu.ar\/index.php\/wp-json\/wp\/v2\/pages\/460\/revisions"}],"predecessor-version":[{"id":10152,"href":"https:\/\/www.fcaglp.unlp.edu.ar\/index.php\/wp-json\/wp\/v2\/pages\/460\/revisions\/10152"}],"up":[{"embeddable":true,"href":"https:\/\/www.fcaglp.unlp.edu.ar\/index.php\/wp-json\/wp\/v2\/pages\/41"}],"wp:attachment":[{"href":"https:\/\/www.fcaglp.unlp.edu.ar\/index.php\/wp-json\/wp\/v2\/media?parent=460"}],"curies":[{"name":"wp","href":"https:\/\/api.w.org\/{rel}","templated":true}]}}