{"id":446,"date":"2022-03-09T11:48:14","date_gmt":"2022-03-09T14:48:14","guid":{"rendered":"http:\/\/www.fcaglp.unlp.edu.ar\/?page_id=446"},"modified":"2025-12-05T12:15:53","modified_gmt":"2025-12-05T15:15:53","slug":"proyectos","status":"publish","type":"page","link":"https:\/\/www.fcaglp.unlp.edu.ar\/index.php\/extension\/proyectos\/","title":{"rendered":"PROYECTOS DE EXTENSI\u00d3N"},"content":{"rendered":"\n<div id=\"wp-block-themeisle-blocks-advanced-columns-c2983158\" class=\"wp-block-themeisle-blocks-advanced-columns has-1-columns has-desktop-equal-layout has-tablet-equal-layout has-mobile-equal-layout has-vertical-unset\"><div class=\"wp-block-themeisle-blocks-advanced-columns-overlay\"><\/div><div class=\"innerblocks-wrap\">\n<div id=\"wp-block-themeisle-blocks-advanced-column-6b1aa8ef\" class=\"wp-block-themeisle-blocks-advanced-column\">\n<figure class=\"wp-block-image size-full is-resized\"><img fetchpriority=\"high\" decoding=\"async\" width=\"2471\" height=\"699\" src=\"https:\/\/www.fcaglp.unlp.edu.ar\/wp-content\/uploads\/2024\/04\/formato.portadas.pestanas-04.jpg\" alt=\"\" class=\"wp-image-6062\" style=\"width:1170px;height:auto\" srcset=\"https:\/\/www.fcaglp.unlp.edu.ar\/wp-content\/uploads\/2024\/04\/formato.portadas.pestanas-04.jpg 2471w, https:\/\/www.fcaglp.unlp.edu.ar\/wp-content\/uploads\/2024\/04\/formato.portadas.pestanas-04-300x85.jpg 300w, https:\/\/www.fcaglp.unlp.edu.ar\/wp-content\/uploads\/2024\/04\/formato.portadas.pestanas-04-1024x290.jpg 1024w, https:\/\/www.fcaglp.unlp.edu.ar\/wp-content\/uploads\/2024\/04\/formato.portadas.pestanas-04-768x217.jpg 768w, https:\/\/www.fcaglp.unlp.edu.ar\/wp-content\/uploads\/2024\/04\/formato.portadas.pestanas-04-1536x435.jpg 1536w, https:\/\/www.fcaglp.unlp.edu.ar\/wp-content\/uploads\/2024\/04\/formato.portadas.pestanas-04-2048x579.jpg 2048w\" sizes=\"(max-width: 2471px) 100vw, 2471px\" \/><\/figure>\n<\/div>\n<\/div><\/div>\n\n\n\n<div style=\"height:35px\" aria-hidden=\"true\" class=\"wp-block-spacer\"><\/div>\n\n\n\n<div class=\"wp-block-columns is-layout-flex wp-container-core-columns-is-layout-9d6595d7 wp-block-columns-is-layout-flex\">\n<div class=\"wp-block-column is-layout-flow wp-block-column-is-layout-flow\">\n<div class=\"wp-block-columns is-layout-flex wp-container-core-columns-is-layout-9d6595d7 wp-block-columns-is-layout-flex\">\n<div class=\"wp-block-column is-layout-flow wp-block-column-is-layout-flow\">\n<p>En muchos casos, las tareas de extensi\u00f3n que realizan integrantes de la Facultad se llevan a cabo en el marco de proyectos. Estos proyectos permiten interactuar con la sociedad a trav\u00e9s de diferentes actividades que generalmente se desarrollan a lo largo de un ciclo lectivo. Cada proyecto tiene alg\u00fan objetivo general y diferentes objetivos particulares, y suelen recibir apoyo econ\u00f3mico ya <\/p>\n<\/div>\n\n\n\n<div class=\"wp-block-column is-layout-flow wp-block-column-is-layout-flow\">\n<p>sea desde el Ministerio de Educaci\u00f3n de la Naci\u00f3n, la UNLP o la misma Facultad.<br><br>En todos los casos se busca que participen docentes, graduados, alumnos y no docentes, pudiendo intervenir integrantes de distintas unidades acad\u00e9micas.<\/p>\n<\/div>\n<\/div>\n\n\n\n<p><strong><em>Convocatoria a Proyectos de Extensi\u00f3n 2025 de la FCAG (a realizar durante el ciclo lectivo 2026)&nbsp;<\/em><\/strong>de acuerdo con las siguientes pautas:<\/p>\n\n\n\n<ol class=\"wp-block-list\">\n<li>Los Proyectos de extensi\u00f3n que se presentan deben ajustarse al Reglamento 30 que rige los detalles de la convocatoria.<\/li>\n\n\n\n<li>Se destinar\u00e1 un monto total de <strong>$2.000.000<\/strong>, correspondiente al presupuesto 2026 de la Secretar\u00eda de Extensi\u00f3n a fin de financiar aquellos proyectos que resulten acreditados por la Comisi\u00f3n Evaluadora. Este monto estar\u00e1 sujeto de modificaci\u00f3n en funci\u00f3n del presupuesto asignado a la Secretar\u00eda.<\/li>\n\n\n\n<li>El monto m\u00e1ximo que podr\u00e1 solicitar cada proyecto ser\u00e1 de <strong>$300.000<\/strong> para proyectos semestrales y de <strong>$500.000<\/strong> para proyectos anuales, siendo <strong>$50.000<\/strong> mensuales el tope establecido para cada una de las becas solicitadas.<\/li>\n\n\n\n<li>Los plazos para la convocatoria, evaluaci\u00f3n y ejecuci\u00f3n de los proyectos son los siguientes:<\/li>\n<\/ol>\n\n\n\n<ul class=\"wp-block-list\">\n<li>Recepci\u00f3n de proyectos, 02\/12\/25 al 19\/12\/25<\/li>\n\n\n\n<li>Revisi\u00f3n de documentaci\u00f3n, 22\/12\/25 al 26\/12\/25<\/li>\n\n\n\n<li>Evaluaci\u00f3n de proyectos, 02\/02\/26 al 20\/02\/26<\/li>\n\n\n\n<li>Publicaci\u00f3n de los resultados: Febrero 2026<\/li>\n\n\n\n<li>Ejecuci\u00f3n de los proyectos: Ciclo lectivo 2026<\/li>\n\n\n\n<li>Fecha m\u00e1xima de solicitud de adelanto financiero y becas: 26\/06\/26<\/li>\n\n\n\n<li>Presentaci\u00f3n de Informes Finales: hasta el 09\/04\/27<\/li>\n\n\n\n<li>Evaluaci\u00f3n de Informes Finales: Mayo 2027<\/li>\n<\/ul>\n\n\n\n<div style=\"height:37px\" aria-hidden=\"true\" class=\"wp-block-spacer\"><\/div>\n\n\n\n<p><strong>JURADO<\/strong><\/p>\n\n\n\n<figure class=\"wp-block-table\"><table class=\"has-fixed-layout\"><tbody><tr><td><\/td><td><strong>Profesores<\/strong><\/td><td><strong>Graduados<\/strong><\/td><td><strong>Alumnos<\/strong><\/td><td><strong>Nodocentes<\/strong><\/td><td><strong>Externo<\/strong><\/td><\/tr><tr><td rowspan=\"3\"><strong>Titulares<\/strong><\/td><td>Dr. Jorge Panei&nbsp;<\/td><td>Dr. Luciano Mendoza<\/td><td>Martin Digby Godfrey Brand&nbsp;<\/td><td>Dr. Federico Cervini<\/td><td>Claudia Queiruga<\/td><\/tr><tr><td>Dra. Mar\u00eda Silvina Di Biassi&nbsp;<\/td><td><\/td><td>Victoria Acosta<\/td><td><\/td><td><\/td><\/tr><tr><td>Dr. Mauricio Gende<\/td><td><\/td><td><\/td><td><\/td><td><\/td><\/tr><tr><td rowspan=\"2\"><strong>Suplentes<\/strong><\/td><td>Dr. Francisco Azpilicueta<\/td><td>Dr. Agust\u00edn Dugaro<\/td><td>Gustavo Flores<\/td><td>Nicol\u00e1s Rocha<\/td><td><\/td><\/tr><tr><td><\/td><td><\/td><td>Carla Pagano<\/td><td><\/td><td><\/td><\/tr><\/tbody><\/table><\/figure>\n<\/div>\n<\/div>\n\n\n\n<div data-wp-interactive=\"core\/file\" class=\"wp-block-file\"><object data-wp-bind--hidden=\"!state.hasPdfPreview\" hidden class=\"wp-block-file__embed\" data=\"https:\/\/www.fcaglp.unlp.edu.ar\/wp-content\/uploads\/2025\/12\/RCD_252-Convocatoria-Proyectos-de-Extension-2025-2026.-1646-25_firmado_firmado.pdf\" type=\"application\/pdf\" style=\"width:100%;height:600px\" aria-label=\"Incrustado de RCD_252 - Convocatoria Proyectos de Extension 2025-2026. 1646-25_firmado_firmado.\"><\/object><a id=\"wp-block-file--media-72473944-be35-4d42-9a3b-fd3e42e7a9a8\" href=\"https:\/\/www.fcaglp.unlp.edu.ar\/wp-content\/uploads\/2025\/12\/RCD_252-Convocatoria-Proyectos-de-Extension-2025-2026.-1646-25_firmado_firmado.pdf\">RCD_252 &#8211; Convocatoria Proyectos de Extension 2025-2026. 1646-25_firmado_firmado<\/a><\/div>\n\n\n\n<div class=\"wp-block-file\"><a id=\"wp-block-file--media-6fe9aeee-4e14-48fa-b123-629f0ef8ea46\" href=\"https:\/\/www.fcaglp.unlp.edu.ar\/wp-content\/uploads\/2024\/11\/anexo_i_proyectos_fcag_2022.docx\">anexo_i_proyectos_fcag_2022<\/a><\/div>\n\n\n\n<div class=\"wp-block-file\"><a id=\"wp-block-file--media-e41e4dd0-c4c7-4c66-a7a2-641aeb56796b\" href=\"https:\/\/www.fcaglp.unlp.edu.ar\/wp-content\/uploads\/2024\/11\/anexo_ii_proyectos_fcag_2022.docx\">anexo_ii_proyectos_fcag_2022<\/a><\/div>\n\n\n\n<div class=\"wp-block-file\"><a id=\"wp-block-file--media-6d1fe4c4-1b5c-41d8-b967-7450db880299\" href=\"https:\/\/www.fcaglp.unlp.edu.ar\/wp-content\/uploads\/2024\/11\/anexo_iii_proyectos_fcag_2022.docx\">anexo_iii_proyectos_fcag_2022<\/a><\/div>\n\n\n\n<div class=\"wp-block-file\"><a id=\"wp-block-file--media-e8f3be3e-d88b-4e4e-9fa6-df0eba47fecd\" href=\"https:\/\/www.fcaglp.unlp.edu.ar\/wp-content\/uploads\/2024\/11\/anexo_iv_proyectos_fcag_2022.docx\">anexo_iv_proyectos_fcag_2022<\/a><\/div>\n\n\n\n<div class=\"wp-block-file\"><a id=\"wp-block-file--media-5a7475a5-aea9-471f-a561-ac3af8d07036\" href=\"https:\/\/www.fcaglp.unlp.edu.ar\/wp-content\/uploads\/2024\/11\/anexo_v_proyectos_fcag_2022.docx\">anexo_v_proyectos_fcag_2022<\/a><\/div>\n","protected":false},"excerpt":{"rendered":"<p>En muchos casos, las tareas de extensi\u00f3n que realizan integrantes de la Facultad se llevan a cabo en el marco de proyectos. Estos proyectos permiten interactuar con la sociedad a trav\u00e9s de diferentes actividades que generalmente se desarrollan a lo largo de un ciclo lectivo. Cada proyecto tiene alg\u00fan objetivo general y diferentes objetivos particulares,&hellip;&nbsp;<a href=\"https:\/\/www.fcaglp.unlp.edu.ar\/index.php\/extension\/proyectos\/\" rel=\"bookmark\">Read More &raquo;<span class=\"screen-reader-text\">PROYECTOS DE EXTENSI\u00d3N<\/span><\/a><\/p>\n","protected":false},"author":11,"featured_media":0,"parent":39,"menu_order":0,"comment_status":"closed","ping_status":"closed","template":"","meta":{"neve_meta_sidebar":"","neve_meta_container":"","neve_meta_enable_content_width":"","neve_meta_content_width":0,"neve_meta_title_alignment":"","neve_meta_author_avatar":"","neve_post_elements_order":"","neve_meta_disable_header":"","neve_meta_disable_footer":"","neve_meta_disable_title":"on","neve_meta_reading_time":"","_themeisle_gutenberg_block_has_review":false,"footnotes":""},"class_list":["post-446","page","type-page","status-publish","hentry"],"aioseo_notices":[],"_links":{"self":[{"href":"https:\/\/www.fcaglp.unlp.edu.ar\/index.php\/wp-json\/wp\/v2\/pages\/446","targetHints":{"allow":["GET"]}}],"collection":[{"href":"https:\/\/www.fcaglp.unlp.edu.ar\/index.php\/wp-json\/wp\/v2\/pages"}],"about":[{"href":"https:\/\/www.fcaglp.unlp.edu.ar\/index.php\/wp-json\/wp\/v2\/types\/page"}],"author":[{"embeddable":true,"href":"https:\/\/www.fcaglp.unlp.edu.ar\/index.php\/wp-json\/wp\/v2\/users\/11"}],"replies":[{"embeddable":true,"href":"https:\/\/www.fcaglp.unlp.edu.ar\/index.php\/wp-json\/wp\/v2\/comments?post=446"}],"version-history":[{"count":13,"href":"https:\/\/www.fcaglp.unlp.edu.ar\/index.php\/wp-json\/wp\/v2\/pages\/446\/revisions"}],"predecessor-version":[{"id":15189,"href":"https:\/\/www.fcaglp.unlp.edu.ar\/index.php\/wp-json\/wp\/v2\/pages\/446\/revisions\/15189"}],"up":[{"embeddable":true,"href":"https:\/\/www.fcaglp.unlp.edu.ar\/index.php\/wp-json\/wp\/v2\/pages\/39"}],"wp:attachment":[{"href":"https:\/\/www.fcaglp.unlp.edu.ar\/index.php\/wp-json\/wp\/v2\/media?parent=446"}],"curies":[{"name":"wp","href":"https:\/\/api.w.org\/{rel}","templated":true}]}}

PROYECTOS DE EXTENSIÓN

<div id="wp-block-themeisle-blocks-advanced-columns-c2983158" class="wp-block-themeisle-blocks-advanced-columns has-1-columns has-desktop-equal-layout has-tablet-equal-layout has-mobile-equal-layout has-vertical-unset"><div class="wp-block-themeisle-blocks-advanced-columns-overlay"></div><div class="innerblocks-wrap">
<div id="wp-block-themeisle-blocks-advanced-column-6b1aa8ef" class="wp-block-themeisle-blocks-advanced-column">
<figure class="wp-block-image size-full is-resized"><img fetchpriority="high" decoding="async" width="2471" height="699" src="https://www.fcaglp.unlp.edu.ar/wp-content/uploads/2024/04/formato.portadas.pestanas-04.jpg" alt="" class="wp-image-6062" style="width:1170px;height:auto" srcset="https://www.fcaglp.unlp.edu.ar/wp-content/uploads/2024/04/formato.portadas.pestanas-04.jpg 2471w, https://www.fcaglp.unlp.edu.ar/wp-content/uploads/2024/04/formato.portadas.pestanas-04-300x85.jpg 300w, https://www.fcaglp.unlp.edu.ar/wp-content/uploads/2024/04/formato.portadas.pestanas-04-1024x290.jpg 1024w, https://www.fcaglp.unlp.edu.ar/wp-content/uploads/2024/04/formato.portadas.pestanas-04-768x217.jpg 768w, https://www.fcaglp.unlp.edu.ar/wp-content/uploads/2024/04/formato.portadas.pestanas-04-1536x435.jpg 1536w, https://www.fcaglp.unlp.edu.ar/wp-content/uploads/2024/04/formato.portadas.pestanas-04-2048x579.jpg 2048w" sizes="(max-width: 2471px) 100vw, 2471px" /></figure>
</div>
</div></div>



<div style="height:35px" aria-hidden="true" class="wp-block-spacer"></div>



<div class="wp-block-columns is-layout-flex wp-container-core-columns-is-layout-9d6595d7 wp-block-columns-is-layout-flex">
<div class="wp-block-column is-layout-flow wp-block-column-is-layout-flow">
<div class="wp-block-columns is-layout-flex wp-container-core-columns-is-layout-9d6595d7 wp-block-columns-is-layout-flex">
<div class="wp-block-column is-layout-flow wp-block-column-is-layout-flow">
<p>En muchos casos, las tareas de extensión que realizan integrantes de la Facultad se llevan a cabo en el marco de proyectos. Estos proyectos permiten interactuar con la sociedad a través de diferentes actividades que generalmente se desarrollan a lo largo de un ciclo lectivo. Cada proyecto tiene algún objetivo general y diferentes objetivos particulares, y suelen recibir apoyo económico ya </p>
</div>



<div class="wp-block-column is-layout-flow wp-block-column-is-layout-flow">
<p>sea desde el Ministerio de Educación de la Nación, la UNLP o la misma Facultad.<br><br>En todos los casos se busca que participen docentes, graduados, alumnos y no docentes, pudiendo intervenir integrantes de distintas unidades académicas.</p>
</div>
</div>



<p><strong><em>Convocatoria a Proyectos de Extensión 2025 de la FCAG (a realizar durante el ciclo lectivo 2026)&nbsp;</em></strong>de acuerdo con las siguientes pautas:</p>



<ol class="wp-block-list">
<li>Los Proyectos de extensión que se presentan deben ajustarse al Reglamento 30 que rige los detalles de la convocatoria.</li>



<li>Se destinará un monto total de <strong>$2.000.000</strong>, correspondiente al presupuesto 2026 de la Secretaría de Extensión a fin de financiar aquellos proyectos que resulten acreditados por la Comisión Evaluadora. Este monto estará sujeto de modificación en función del presupuesto asignado a la Secretaría.</li>



<li>El monto máximo que podrá solicitar cada proyecto será de <strong>$300.000</strong> para proyectos semestrales y de <strong>$500.000</strong> para proyectos anuales, siendo <strong>$50.000</strong> mensuales el tope establecido para cada una de las becas solicitadas.</li>



<li>Los plazos para la convocatoria, evaluación y ejecución de los proyectos son los siguientes:</li>
</ol>



<ul class="wp-block-list">
<li>Recepción de proyectos, 02/12/25 al 19/12/25</li>



<li>Revisión de documentación, 22/12/25 al 26/12/25</li>



<li>Evaluación de proyectos, 02/02/26 al 20/02/26</li>



<li>Publicación de los resultados: Febrero 2026</li>



<li>Ejecución de los proyectos: Ciclo lectivo 2026</li>



<li>Fecha máxima de solicitud de adelanto financiero y becas: 26/06/26</li>



<li>Presentación de Informes Finales: hasta el 09/04/27</li>



<li>Evaluación de Informes Finales: Mayo 2027</li>
</ul>



<div style="height:37px" aria-hidden="true" class="wp-block-spacer"></div>



<p><strong>JURADO</strong></p>



<figure class="wp-block-table"><table class="has-fixed-layout"><tbody><tr><td></td><td><strong>Profesores</strong></td><td><strong>Graduados</strong></td><td><strong>Alumnos</strong></td><td><strong>Nodocentes</strong></td><td><strong>Externo</strong></td></tr><tr><td rowspan="3"><strong>Titulares</strong></td><td>Dr. Jorge Panei&nbsp;</td><td>Dr. Luciano Mendoza</td><td>Martin Digby Godfrey Brand&nbsp;</td><td>Dr. Federico Cervini</td><td>Claudia Queiruga</td></tr><tr><td>Dra. María Silvina Di Biassi&nbsp;</td><td></td><td>Victoria Acosta</td><td></td><td></td></tr><tr><td>Dr. Mauricio Gende</td><td></td><td></td><td></td><td></td></tr><tr><td rowspan="2"><strong>Suplentes</strong></td><td>Dr. Francisco Azpilicueta</td><td>Dr. Agustín Dugaro</td><td>Gustavo Flores</td><td>Nicolás Rocha</td><td></td></tr><tr><td></td><td></td><td>Carla Pagano</td><td></td><td></td></tr></tbody></table></figure>
</div>
</div>



<div data-wp-interactive="core/file" class="wp-block-file"><object data-wp-bind--hidden="!state.hasPdfPreview" hidden class="wp-block-file__embed" data="https://www.fcaglp.unlp.edu.ar/wp-content/uploads/2025/12/RCD_252-Convocatoria-Proyectos-de-Extension-2025-2026.-1646-25_firmado_firmado.pdf" type="application/pdf" style="width:100%;height:600px" aria-label="Incrustado de RCD_252 - Convocatoria Proyectos de Extension 2025-2026. 1646-25_firmado_firmado."></object><a id="wp-block-file--media-72473944-be35-4d42-9a3b-fd3e42e7a9a8" href="https://www.fcaglp.unlp.edu.ar/wp-content/uploads/2025/12/RCD_252-Convocatoria-Proyectos-de-Extension-2025-2026.-1646-25_firmado_firmado.pdf">RCD_252 &#8211; Convocatoria Proyectos de Extension 2025-2026. 1646-25_firmado_firmado</a></div>



<div class="wp-block-file"><a id="wp-block-file--media-6fe9aeee-4e14-48fa-b123-629f0ef8ea46" href="https://www.fcaglp.unlp.edu.ar/wp-content/uploads/2024/11/anexo_i_proyectos_fcag_2022.docx">anexo_i_proyectos_fcag_2022</a></div>



<div class="wp-block-file"><a id="wp-block-file--media-e41e4dd0-c4c7-4c66-a7a2-641aeb56796b" href="https://www.fcaglp.unlp.edu.ar/wp-content/uploads/2024/11/anexo_ii_proyectos_fcag_2022.docx">anexo_ii_proyectos_fcag_2022</a></div>



<div class="wp-block-file"><a id="wp-block-file--media-6d1fe4c4-1b5c-41d8-b967-7450db880299" href="https://www.fcaglp.unlp.edu.ar/wp-content/uploads/2024/11/anexo_iii_proyectos_fcag_2022.docx">anexo_iii_proyectos_fcag_2022</a></div>



<div class="wp-block-file"><a id="wp-block-file--media-e8f3be3e-d88b-4e4e-9fa6-df0eba47fecd" href="https://www.fcaglp.unlp.edu.ar/wp-content/uploads/2024/11/anexo_iv_proyectos_fcag_2022.docx">anexo_iv_proyectos_fcag_2022</a></div>



<div class="wp-block-file"><a id="wp-block-file--media-5a7475a5-aea9-471f-a561-ac3af8d07036" href="https://www.fcaglp.unlp.edu.ar/wp-content/uploads/2024/11/anexo_v_proyectos_fcag_2022.docx">anexo_v_proyectos_fcag_2022</a></div>

<p>En muchos casos, las tareas de extensión que realizan integrantes de la Facultad se llevan a cabo en el marco de proyectos. Estos proyectos permiten interactuar con la sociedad a través de diferentes actividades que generalmente se desarrollan a lo largo de un ciclo lectivo. Cada proyecto tiene algún objetivo general y diferentes objetivos particulares,&hellip;&nbsp;<a href="https://www.fcaglp.unlp.edu.ar/index.php/extension/proyectos/" rel="bookmark">Read More &raquo;<span class="screen-reader-text">PROYECTOS DE EXTENSIÓN</span></a></p>
