{"id":437,"date":"2022-03-09T11:46:49","date_gmt":"2022-03-09T14:46:49","guid":{"rendered":"http:\/\/www.fcaglp.unlp.edu.ar\/?page_id=437"},"modified":"2024-08-23T10:23:03","modified_gmt":"2024-08-23T13:23:03","slug":"museo","status":"publish","type":"page","link":"https:\/\/www.fcaglp.unlp.edu.ar\/index.php\/extension\/museo\/","title":{"rendered":"MUSEO"},"content":{"rendered":"\n<div id=\"wp-block-themeisle-blocks-advanced-columns-9bf9db5d\" class=\"wp-block-themeisle-blocks-advanced-columns has-1-columns has-desktop-equal-layout has-tablet-equal-layout has-mobile-equal-layout has-vertical-unset\"><div class=\"wp-block-themeisle-blocks-advanced-columns-overlay\"><\/div><div class=\"innerblocks-wrap\">\n<div id=\"wp-block-themeisle-blocks-advanced-column-3d2e4bfb\" class=\"wp-block-themeisle-blocks-advanced-column\">\n<figure class=\"wp-block-image size-full\"><img fetchpriority=\"high\" decoding=\"async\" width=\"2471\" height=\"699\" src=\"https:\/\/www.fcaglp.unlp.edu.ar\/wp-content\/uploads\/2024\/04\/formato.portadas.pestanas-02.jpg\" alt=\"\" class=\"wp-image-6072\" srcset=\"https:\/\/www.fcaglp.unlp.edu.ar\/wp-content\/uploads\/2024\/04\/formato.portadas.pestanas-02.jpg 2471w, https:\/\/www.fcaglp.unlp.edu.ar\/wp-content\/uploads\/2024\/04\/formato.portadas.pestanas-02-300x85.jpg 300w, https:\/\/www.fcaglp.unlp.edu.ar\/wp-content\/uploads\/2024\/04\/formato.portadas.pestanas-02-1024x290.jpg 1024w, https:\/\/www.fcaglp.unlp.edu.ar\/wp-content\/uploads\/2024\/04\/formato.portadas.pestanas-02-768x217.jpg 768w, https:\/\/www.fcaglp.unlp.edu.ar\/wp-content\/uploads\/2024\/04\/formato.portadas.pestanas-02-1536x435.jpg 1536w, https:\/\/www.fcaglp.unlp.edu.ar\/wp-content\/uploads\/2024\/04\/formato.portadas.pestanas-02-2048x579.jpg 2048w\" sizes=\"(max-width: 2471px) 100vw, 2471px\" \/><\/figure>\n<\/div>\n<\/div><\/div>\n\n\n\n<div style=\"height:35px\" aria-hidden=\"true\" class=\"wp-block-spacer\"><\/div>\n\n\n\n<div class=\"wp-block-columns is-layout-flex wp-container-core-columns-is-layout-9d6595d7 wp-block-columns-is-layout-flex\">\n<div class=\"wp-block-column is-layout-flow wp-block-column-is-layout-flow\">\n<div class=\"wp-block-columns is-layout-flex wp-container-core-columns-is-layout-9d6595d7 wp-block-columns-is-layout-flex\">\n<div class=\"wp-block-column is-layout-flow wp-block-column-is-layout-flow\">\n<p>El <a href=\"http:\/\/museo.fcaglp.unlp.edu.ar\/\" title=\"\">Museo de Astronom\u00eda y Geof\u00edsica<\/a> tiene como misi\u00f3n la gesti\u00f3n, recuperaci\u00f3n, conservaci\u00f3n y difusi\u00f3n del patrimonio hist\u00f3rico y cultural de la Facultad de Ciencias Astron\u00f3micas y Geof\u00edsicas. Como museo universitario, pretende generar un espacio de investigaci\u00f3n y de di\u00e1logo con la comunidad sobre el patrimonio del Observatorio y la historia de la Astronom\u00eda, la Meteorolog\u00eda y la Geof\u00edsica en nuestra regi\u00f3n.<\/p>\n\n\n\n<p>El Observatorio de La Plata fue fundado en 1883, y desde esa \u00e9poca se pens\u00f3 en la creaci\u00f3n de un museo. Esto reci\u00e9n ocurri\u00f3 un poco m\u00e1s de cien a\u00f1os despu\u00e9s cuando en julio de 1997 la Facultad de Ciencias Astron\u00f3micas y Geof\u00edsicas decide su creaci\u00f3n.<\/p>\n<\/div>\n\n\n\n<div class=\"wp-block-column is-layout-flow wp-block-column-is-layout-flow\">\n<p>El acervo del Museo est\u00e1 constituido por los instrumentos cient\u00edficos que fueron adquiridos a finales del siglo XIX y durante el siglo XX y que dan cuenta de los comienzos de la astronom\u00eda y la geof\u00edsica en nuestro pa\u00eds; adem\u00e1s de documentos generados en la instituci\u00f3n, m\u00e1s de un centenar de libros antiguos y un gran n\u00famero de negativos de vidrio y de placas fotogr\u00e1ficas con im\u00e1genes de objetos celestes.<\/p>\n\n\n\n<p>El Museo forma parte del \u00c1rea de Extensi\u00f3n de la Facultad y cuenta con un sistema de visitas guiadas, dirigidas al p\u00fablico en general y escolar en todos sus niveles.<\/p>\n<\/div>\n<\/div>\n<\/div>\n<\/div>\n","protected":false},"excerpt":{"rendered":"<p>El Museo de Astronom\u00eda y Geof\u00edsica tiene como misi\u00f3n la gesti\u00f3n, recuperaci\u00f3n, conservaci\u00f3n y difusi\u00f3n del patrimonio hist\u00f3rico y cultural de la Facultad de Ciencias Astron\u00f3micas y Geof\u00edsicas. Como museo universitario, pretende generar un espacio de investigaci\u00f3n y de di\u00e1logo con la comunidad sobre el patrimonio del Observatorio y la historia de la Astronom\u00eda, la&hellip;&nbsp;<a href=\"https:\/\/www.fcaglp.unlp.edu.ar\/index.php\/extension\/museo\/\" rel=\"bookmark\">Read More &raquo;<span class=\"screen-reader-text\">MUSEO<\/span><\/a><\/p>\n","protected":false},"author":3,"featured_media":0,"parent":39,"menu_order":0,"comment_status":"closed","ping_status":"closed","template":"","meta":{"neve_meta_sidebar":"","neve_meta_container":"","neve_meta_enable_content_width":"","neve_meta_content_width":0,"neve_meta_title_alignment":"","neve_meta_author_avatar":"","neve_post_elements_order":"","neve_meta_disable_header":"","neve_meta_disable_footer":"","neve_meta_disable_title":"on","neve_meta_reading_time":"","_themeisle_gutenberg_block_has_review":false,"footnotes":""},"class_list":["post-437","page","type-page","status-publish","hentry"],"aioseo_notices":[],"_links":{"self":[{"href":"https:\/\/www.fcaglp.unlp.edu.ar\/index.php\/wp-json\/wp\/v2\/pages\/437","targetHints":{"allow":["GET"]}}],"collection":[{"href":"https:\/\/www.fcaglp.unlp.edu.ar\/index.php\/wp-json\/wp\/v2\/pages"}],"about":[{"href":"https:\/\/www.fcaglp.unlp.edu.ar\/index.php\/wp-json\/wp\/v2\/types\/page"}],"author":[{"embeddable":true,"href":"https:\/\/www.fcaglp.unlp.edu.ar\/index.php\/wp-json\/wp\/v2\/users\/3"}],"replies":[{"embeddable":true,"href":"https:\/\/www.fcaglp.unlp.edu.ar\/index.php\/wp-json\/wp\/v2\/comments?post=437"}],"version-history":[{"count":4,"href":"https:\/\/www.fcaglp.unlp.edu.ar\/index.php\/wp-json\/wp\/v2\/pages\/437\/revisions"}],"predecessor-version":[{"id":8828,"href":"https:\/\/www.fcaglp.unlp.edu.ar\/index.php\/wp-json\/wp\/v2\/pages\/437\/revisions\/8828"}],"up":[{"embeddable":true,"href":"https:\/\/www.fcaglp.unlp.edu.ar\/index.php\/wp-json\/wp\/v2\/pages\/39"}],"wp:attachment":[{"href":"https:\/\/www.fcaglp.unlp.edu.ar\/index.php\/wp-json\/wp\/v2\/media?parent=437"}],"curies":[{"name":"wp","href":"https:\/\/api.w.org\/{rel}","templated":true}]}}