{"id":375,"date":"2022-03-09T11:05:40","date_gmt":"2022-03-09T14:05:40","guid":{"rendered":"http:\/\/www.fcaglp.unlp.edu.ar\/?page_id=375"},"modified":"2024-06-07T12:25:14","modified_gmt":"2024-06-07T15:25:14","slug":"discriminacion-y-o-violencia-de-genero","status":"publish","type":"page","link":"https:\/\/www.fcaglp.unlp.edu.ar\/index.php\/discriminacion-y-o-violencia-de-genero\/","title":{"rendered":"DISCRIMINACI\u00d3N Y\/O VIOLENCIA DE G\u00c9NERO"},"content":{"rendered":"\n<div class=\"wp-block-columns is-layout-flex wp-container-core-columns-is-layout-9d6595d7 wp-block-columns-is-layout-flex\">\n<div class=\"wp-block-column is-layout-flow wp-block-column-is-layout-flow\">\n<p>El espacio de la Unidad de Atenci\u00f3n a Situaciones de Violencia por razones de g\u00e9nero (UDA), se enmarca dentro de la Direcci\u00f3n de G\u00e9nero y Diversidad de la Secretar\u00eda de Derechos Humanos de la Universidad Nacional de La Plata.&nbsp;<\/p>\n\n\n\n<p>La UDA tiene como objetivos, la implementaci\u00f3n de estrategias de atenci\u00f3n y acompa\u00f1amiento ante situaciones de violencia por razones de g\u00e9nero en el \u00e1mbito universitario. Asimismo prev\u00e9 garantizar espacios de escucha, contenci\u00f3n y asesoramiento ante problem\u00e1ticas vinculadas a g\u00e9nero y diversidad para toda la comunidad acad\u00e9mica: estudiantes, docentes, graduades, no docentes, investigadores.<\/p>\n\n\n\n<p>El espacio de atenci\u00f3n est\u00e1 a cargo de Jimena Manchini, Licenciada en Trabajo Social UNLP, y Luc\u00eda Cucchiarini Lattanzi, Licenciada en Psicolog\u00eda UNLP.&nbsp;<\/p>\n<\/div>\n\n\n\n<div class=\"wp-block-column is-layout-flow wp-block-column-is-layout-flow\">\n<p>Los horarios de funcionamiento son los d\u00edas <strong>Martes y Jueves de 14:30 h a 16:30 h<\/strong> en la oficina ubicada en el edificio central, <strong>arriba de la oficina de compras<\/strong>.&nbsp;<\/p>\n\n\n\n<p>Para solicitar una entrevista enviar un correo electr\u00f3nico a <strong><a href=\"mailto:uda@fcaglp.unlp.edu.ar\" target=\"_blank\" rel=\"noreferrer noopener\">uda@fcaglp.unlp.edu.ar<\/a> <\/strong>o a<strong> <a href=\"mailto:uda.astronomicasunlp@gmail.com\" target=\"_blank\" rel=\"noreferrer noopener\">uda.astronomicasunlp@gmail.com<\/a>.<\/strong><\/p>\n<\/div>\n<\/div>\n","protected":false},"excerpt":{"rendered":"<p>El espacio de la Unidad de Atenci\u00f3n a Situaciones de Violencia por razones de g\u00e9nero (UDA), se enmarca dentro de la Direcci\u00f3n de G\u00e9nero y Diversidad de la Secretar\u00eda de Derechos Humanos de la Universidad Nacional de La Plata.&nbsp; La UDA tiene como objetivos, la implementaci\u00f3n de estrategias de atenci\u00f3n y acompa\u00f1amiento ante situaciones de&hellip;&nbsp;<a href=\"https:\/\/www.fcaglp.unlp.edu.ar\/index.php\/discriminacion-y-o-violencia-de-genero\/\" rel=\"bookmark\">Read More &raquo;<span class=\"screen-reader-text\">DISCRIMINACI\u00d3N Y\/O VIOLENCIA DE G\u00c9NERO<\/span><\/a><\/p>\n","protected":false},"author":3,"featured_media":0,"parent":0,"menu_order":0,"comment_status":"closed","ping_status":"closed","template":"","meta":{"neve_meta_sidebar":"","neve_meta_container":"","neve_meta_enable_content_width":"","neve_meta_content_width":0,"neve_meta_title_alignment":"","neve_meta_author_avatar":"","neve_post_elements_order":"","neve_meta_disable_header":"","neve_meta_disable_footer":"","neve_meta_disable_title":"","neve_meta_reading_time":"","_themeisle_gutenberg_block_has_review":false,"footnotes":""},"class_list":["post-375","page","type-page","status-publish","hentry"],"aioseo_notices":[],"_links":{"self":[{"href":"https:\/\/www.fcaglp.unlp.edu.ar\/index.php\/wp-json\/wp\/v2\/pages\/375","targetHints":{"allow":["GET"]}}],"collection":[{"href":"https:\/\/www.fcaglp.unlp.edu.ar\/index.php\/wp-json\/wp\/v2\/pages"}],"about":[{"href":"https:\/\/www.fcaglp.unlp.edu.ar\/index.php\/wp-json\/wp\/v2\/types\/page"}],"author":[{"embeddable":true,"href":"https:\/\/www.fcaglp.unlp.edu.ar\/index.php\/wp-json\/wp\/v2\/users\/3"}],"replies":[{"embeddable":true,"href":"https:\/\/www.fcaglp.unlp.edu.ar\/index.php\/wp-json\/wp\/v2\/comments?post=375"}],"version-history":[{"count":2,"href":"https:\/\/www.fcaglp.unlp.edu.ar\/index.php\/wp-json\/wp\/v2\/pages\/375\/revisions"}],"predecessor-version":[{"id":6741,"href":"https:\/\/www.fcaglp.unlp.edu.ar\/index.php\/wp-json\/wp\/v2\/pages\/375\/revisions\/6741"}],"wp:attachment":[{"href":"https:\/\/www.fcaglp.unlp.edu.ar\/index.php\/wp-json\/wp\/v2\/media?parent=375"}],"curies":[{"name":"wp","href":"https:\/\/api.w.org\/{rel}","templated":true}]}}