{"id":339,"date":"2022-03-09T10:53:21","date_gmt":"2022-03-09T13:53:21","guid":{"rendered":"http:\/\/www.fcaglp.unlp.edu.ar\/?page_id=339"},"modified":"2026-04-30T10:06:52","modified_gmt":"2026-04-30T13:06:52","slug":"consejo-directivo","status":"publish","type":"page","link":"https:\/\/www.fcaglp.unlp.edu.ar\/index.php\/institucional\/consejo-directivo\/","title":{"rendered":"CONSEJO DIRECTIVO"},"content":{"rendered":"\n<div id=\"wp-block-themeisle-blocks-advanced-columns-caa847c1\" class=\"wp-block-themeisle-blocks-advanced-columns has-1-columns has-desktop-equal-layout has-tablet-equal-layout has-mobile-equal-layout has-vertical-unset\"><div class=\"wp-block-themeisle-blocks-advanced-columns-overlay\"><\/div><div class=\"innerblocks-wrap\">\n<div id=\"wp-block-themeisle-blocks-advanced-column-9efece9a\" class=\"wp-block-themeisle-blocks-advanced-column\">\n<h1 class=\"wp-block-heading\"><strong>Pr\u00f3xima sesi\u00f3n de Consejo Directivo:<\/strong><\/h1>\n\n\n\n<p><strong>SESI\u00d3N N\u00ba 472<\/strong><\/p>\n\n\n\n<p><em>22 DE MAYO,\u00a011:00 am<\/em><\/p>\n\n\n\n<div class=\"wp-block-file\"><\/div>\n\n\n\n<p><br><a href=\"https:\/\/youtube.com\/live\/GDC5rHKf9Iw?feature=share\" title=\"\">Trasmisi\u00f3n <\/a><a href=\"https:\/\/youtube.com\/\" title=\"\">ONLINE<\/a><a href=\"https:\/\/youtube.com\/live\/BUqSwW6-pPU?feature=share\" title=\"\">.<\/a><\/p>\n\n\n\n<div class=\"wp-block-file\"><\/div>\n\n\n\n<p><a href=\"https:\/\/www.fcaglp.unlp.edu.ar\/index.php\/institucional\/consejo-directivo\/ordenes-del-dia-y-actas-aprobadas-del-consejo-directivo-de-fcag-periodo-2026-al-2030\/\" title=\"\"><strong>Ordenes del d\u00eda y Actas aprobadas del Consejo Directivo de FCAG. Periodo 2026 al 2030<\/strong><\/a><br><a href=\"https:\/\/www.fcaglp.unlp.edu.ar\/index.php\/institucional\/consejo-directivo\/od-y-actas-2022-2026\/\" title=\"\"><strong>Ordenes del d\u00eda y Actas aprobadas del Consejo Directivo de FCAG. Periodo 2022 al 2026<\/strong><\/a><br><strong><a href=\"https:\/\/www.fcaglp.unlp.edu.ar\/index.php\/institucional\/consejo-directivo\/od-y-actas-2018-2022\/\" title=\"\">Ordenes del d\u00eda y Actas aprobadas del Consejo Directivo de FCAG. Periodo 2018 al 2022<\/a><\/strong><\/p>\n\n\n\n<p><strong>Consejos Directivos<\/strong><\/p>\n\n\n\n<p>El Estatuto de la UNLP, en su art. 75\u00ba se\u00f1ala: Los Consejos Directivos estar\u00e1n integrados por diecis\u00e9is (16) miembros: siete (7) profesores, un (1) jefe de trabajos pr\u00e1cticos, dos (2) ayudantes diplomados o graduados, cinco (5) estudiantes y un (1) representante no docente. El Decano presidir\u00e1 sus sesiones y tendr\u00e1 voto en caso de empate.<\/p>\n\n\n\n<p>El Art. 76\u00ba dice: Los Consejos Directivos sesionar\u00e1n en la forma establecida para el Consejo Superior.<\/p>\n\n\n\n<p>El Art. 77\u00ba se\u00f1ala: El Consejo se reunir\u00e1 en sesiones ordinarias durante el a\u00f1o lectivo, por lo menos una (1) vez por mes.<\/p>\n\n\n\n<p>Art. 78\u00ba: Las sesiones ser\u00e1n p\u00fablicas, y tendr\u00e1n lugar con el qu\u00f3rum de la mitad m\u00e1s uno de sus miembros.<\/p>\n\n\n\n<p>Art. 79\u00ba: El Consejero que faltare a tres (3) reuniones consecutivas o cinco (5) alternadas sin causa debidamente justificada, cesar\u00e1 en su cargo, sin necesidad de declaraci\u00f3n alguna, debiendo el Decano dar cuenta de la vacante en la pr\u00f3xima sesi\u00f3n.<\/p>\n\n\n\n<p><strong>Decano<\/strong><\/p>\n\n\n\n<p>Art.81\u00ba: El Decano durar\u00e1 cuatro (4) a\u00f1os en sus funciones; deber\u00e1 ser argentino, tener m\u00e1s de treinta (30) a\u00f1os de edad y ser o haber sido profesor ordinario o extraordinario de la facultad y podr\u00e1 ser reelecto para el per\u00edodo inmediato siguiente y por una sola vez.<\/p>\n\n\n\n<p><strong>Vicedecano<\/strong><\/p>\n\n\n\n<p>Art. 83\u00ba: Para ser Vicedecano de la facultad se requiere ser profesor ordinario o extraordinario em\u00e9rito de la facultad respectiva.<\/p>\n\n\n\n<p>Art.84\u00ba: Cuando no dirija las sesiones del Consejo Directivo y no sea miembro del mismo, lo integrar\u00e1 con voz pero sin voto. Coordinar\u00e1 con el Secretario Acad\u00e9mico el funcionamiento de las Comisiones del Consejo Directivo de la facultad.<\/p>\n\n\n\n<p>Art. 85\u00ba: En el caso de impedimento del Decano para el ejercicio de sus funciones ser\u00e1 reemplazado por el Vicedecano, quien lo har\u00e1 sin necesidad de resoluci\u00f3n previa.<\/p>\n\n\n\n<p><strong>Consejeros Profesores<\/strong><\/p>\n\n\n\n<figure class=\"wp-block-table\"><table><tbody><tr><th>Titulares<\/th><\/tr><tr><td>Dr. Daniel Carpintero<\/td><\/tr><tr><td>Dra. Lydia Cidale<\/td><\/tr><tr><td>Dr. Santiago Perdomo<\/td><\/tr><tr><td>Lic. Horacio Sarochar<\/td><\/tr><tr><td>Dr. Felipe Wachlin<\/td><\/tr><tr><td>Lic. Alejandro Paola<\/td><\/tr><tr><td>Dr. Fabio&nbsp; Zyserman<\/td><\/tr><tr><td><strong>Suplentes<\/strong><\/td><\/tr><tr><td>Dr. Guillermo Bosch&nbsp;<\/td><\/tr><tr><td>Dr. Eduardo Bauer&nbsp;<\/td><\/tr><\/tbody><\/table><\/figure>\n\n\n\n<p><strong>Consejeros Jefes de Trabajos Pr\u00e1cticos&nbsp;<\/strong><\/p>\n\n\n\n<figure class=\"wp-block-table\"><table><tbody><tr><th>Titular<\/th><th>Suplentes<\/th><\/tr><tr><td>Dra. Maria Eugenia Gomez<\/td><td>Dr.&nbsp;Patricio Salvador Zain<\/td><\/tr><\/tbody><\/table><\/figure>\n\n\n\n<p><strong>Consejeros Ayudantes Diplomados<\/strong><\/p>\n\n\n\n<figure class=\"wp-block-table\"><table><tbody><tr><th>Titulares<\/th><\/tr><tr><td>Dr. Agustin Dugaro<\/td><\/tr><tr><td>Geof. Jonatan Emmanuel Pendiuk<\/td><\/tr><tr><td><strong>Suplentes<\/strong><\/td><\/tr><tr><td>Geof. Solange Antonela Cassetai<\/td><\/tr><\/tbody><\/table><\/figure>\n\n\n\n<p><strong>Consejeros Nodocentes<\/strong><\/p>\n\n\n\n<figure class=\"wp-block-table\"><table><tbody><tr><th>Titular<\/th><th>Suplente<\/th><\/tr><tr><td>Lic. Mar\u00eda Florencia Catacchio<\/td><td>Sr. Federico Cervini<\/td><\/tr><\/tbody><\/table><\/figure>\n\n\n\n<h3 class=\"wp-block-heading\">&nbsp;<\/h3>\n\n\n\n<p><strong>Consejeros Estudiantiles<\/strong><\/p>\n\n\n\n<figure class=\"wp-block-table\"><table><tbody><tr><td><strong>Titulares<\/strong><\/td><\/tr><tr><td>Magal\u00ed Schmitz<\/td><\/tr><tr><td>Mat\u00edas Terpolilli<\/td><\/tr><tr><td>Martin Digby Godfrey Brand<\/td><\/tr><tr><td>Lautaro West Ocampo&nbsp;<\/td><\/tr><tr><td>Lautaro&nbsp;Armengol <\/td><\/tr><tr><td><strong>Suplentes<\/strong><\/td><\/tr><tr><td>&nbsp;Abril Ayllen <\/td><\/tr><tr><td>&nbsp;Ignacio Francisco Gomez<\/td><\/tr><\/tbody><\/table><\/figure>\n<\/div>\n<\/div><\/div>\n\n\n\n<p><\/p>\n","protected":false},"excerpt":{"rendered":"","protected":false},"author":18,"featured_media":0,"parent":6405,"menu_order":0,"comment_status":"closed","ping_status":"closed","template":"","meta":{"neve_meta_sidebar":"","neve_meta_container":"","neve_meta_enable_content_width":"","neve_meta_content_width":0,"neve_meta_title_alignment":"","neve_meta_author_avatar":"","neve_post_elements_order":"","neve_meta_disable_header":"","neve_meta_disable_footer":"","neve_meta_disable_title":"","neve_meta_reading_time":"","_themeisle_gutenberg_block_has_review":false,"footnotes":""},"class_list":["post-339","page","type-page","status-publish","hentry"],"aioseo_notices":[],"_links":{"self":[{"href":"https:\/\/www.fcaglp.unlp.edu.ar\/index.php\/wp-json\/wp\/v2\/pages\/339","targetHints":{"allow":["GET"]}}],"collection":[{"href":"https:\/\/www.fcaglp.unlp.edu.ar\/index.php\/wp-json\/wp\/v2\/pages"}],"about":[{"href":"https:\/\/www.fcaglp.unlp.edu.ar\/index.php\/wp-json\/wp\/v2\/types\/page"}],"author":[{"embeddable":true,"href":"https:\/\/www.fcaglp.unlp.edu.ar\/index.php\/wp-json\/wp\/v2\/users\/18"}],"replies":[{"embeddable":true,"href":"https:\/\/www.fcaglp.unlp.edu.ar\/index.php\/wp-json\/wp\/v2\/comments?post=339"}],"version-history":[{"count":89,"href":"https:\/\/www.fcaglp.unlp.edu.ar\/index.php\/wp-json\/wp\/v2\/pages\/339\/revisions"}],"predecessor-version":[{"id":17316,"href":"https:\/\/www.fcaglp.unlp.edu.ar\/index.php\/wp-json\/wp\/v2\/pages\/339\/revisions\/17316"}],"up":[{"embeddable":true,"href":"https:\/\/www.fcaglp.unlp.edu.ar\/index.php\/wp-json\/wp\/v2\/pages\/6405"}],"wp:attachment":[{"href":"https:\/\/www.fcaglp.unlp.edu.ar\/index.php\/wp-json\/wp\/v2\/media?parent=339"}],"curies":[{"name":"wp","href":"https:\/\/api.w.org\/{rel}","templated":true}]}}

<div id="wp-block-themeisle-blocks-advanced-columns-caa847c1" class="wp-block-themeisle-blocks-advanced-columns has-1-columns has-desktop-equal-layout has-tablet-equal-layout has-mobile-equal-layout has-vertical-unset"><div class="wp-block-themeisle-blocks-advanced-columns-overlay"></div><div class="innerblocks-wrap">
<div id="wp-block-themeisle-blocks-advanced-column-9efece9a" class="wp-block-themeisle-blocks-advanced-column">
<h1 class="wp-block-heading"><strong>Próxima sesión de Consejo Directivo:</strong></h1>



<p><strong>SESIÓN Nº 472</strong></p>



<p><em>22 DE MAYO, 11:00 am</em></p>



<div class="wp-block-file"></div>



<p><br><a href="https://youtube.com/live/GDC5rHKf9Iw?feature=share" title="">Trasmisión </a><a href="https://youtube.com/" title="">ONLINE</a><a href="https://youtube.com/live/BUqSwW6-pPU?feature=share" title="">.</a></p>



<div class="wp-block-file"></div>



<p><a href="https://www.fcaglp.unlp.edu.ar/index.php/institucional/consejo-directivo/ordenes-del-dia-y-actas-aprobadas-del-consejo-directivo-de-fcag-periodo-2026-al-2030/" title=""><strong>Ordenes del día y Actas aprobadas del Consejo Directivo de FCAG. Periodo 2026 al 2030</strong></a><br><a href="https://www.fcaglp.unlp.edu.ar/index.php/institucional/consejo-directivo/od-y-actas-2022-2026/" title=""><strong>Ordenes del día y Actas aprobadas del Consejo Directivo de FCAG. Periodo 2022 al 2026</strong></a><br><strong><a href="https://www.fcaglp.unlp.edu.ar/index.php/institucional/consejo-directivo/od-y-actas-2018-2022/" title="">Ordenes del día y Actas aprobadas del Consejo Directivo de FCAG. Periodo 2018 al 2022</a></strong></p>



<p><strong>Consejos Directivos</strong></p>



<p>El Estatuto de la UNLP, en su art. 75º señala: Los Consejos Directivos estarán integrados por dieciséis (16) miembros: siete (7) profesores, un (1) jefe de trabajos prácticos, dos (2) ayudantes diplomados o graduados, cinco (5) estudiantes y un (1) representante no docente. El Decano presidirá sus sesiones y tendrá voto en caso de empate.</p>



<p>El Art. 76º dice: Los Consejos Directivos sesionarán en la forma establecida para el Consejo Superior.</p>



<p>El Art. 77º señala: El Consejo se reunirá en sesiones ordinarias durante el año lectivo, por lo menos una (1) vez por mes.</p>



<p>Art. 78º: Las sesiones serán públicas, y tendrán lugar con el quórum de la mitad más uno de sus miembros.</p>



<p>Art. 79º: El Consejero que faltare a tres (3) reuniones consecutivas o cinco (5) alternadas sin causa debidamente justificada, cesará en su cargo, sin necesidad de declaración alguna, debiendo el Decano dar cuenta de la vacante en la próxima sesión.</p>



<p><strong>Decano</strong></p>



<p>Art.81º: El Decano durará cuatro (4) años en sus funciones; deberá ser argentino, tener más de treinta (30) años de edad y ser o haber sido profesor ordinario o extraordinario de la facultad y podrá ser reelecto para el período inmediato siguiente y por una sola vez.</p>



<p><strong>Vicedecano</strong></p>



<p>Art. 83º: Para ser Vicedecano de la facultad se requiere ser profesor ordinario o extraordinario emérito de la facultad respectiva.</p>



<p>Art.84º: Cuando no dirija las sesiones del Consejo Directivo y no sea miembro del mismo, lo integrará con voz pero sin voto. Coordinará con el Secretario Académico el funcionamiento de las Comisiones del Consejo Directivo de la facultad.</p>



<p>Art. 85º: En el caso de impedimento del Decano para el ejercicio de sus funciones será reemplazado por el Vicedecano, quien lo hará sin necesidad de resolución previa.</p>



<p><strong>Consejeros Profesores</strong></p>



<figure class="wp-block-table"><table><tbody><tr><th>Titulares</th></tr><tr><td>Dr. Daniel Carpintero</td></tr><tr><td>Dra. Lydia Cidale</td></tr><tr><td>Dr. Santiago Perdomo</td></tr><tr><td>Lic. Horacio Sarochar</td></tr><tr><td>Dr. Felipe Wachlin</td></tr><tr><td>Lic. Alejandro Paola</td></tr><tr><td>Dr. Fabio&nbsp; Zyserman</td></tr><tr><td><strong>Suplentes</strong></td></tr><tr><td>Dr. Guillermo Bosch&nbsp;</td></tr><tr><td>Dr. Eduardo Bauer&nbsp;</td></tr></tbody></table></figure>



<p><strong>Consejeros Jefes de Trabajos Prácticos&nbsp;</strong></p>



<figure class="wp-block-table"><table><tbody><tr><th>Titular</th><th>Suplentes</th></tr><tr><td>Dra. Maria Eugenia Gomez</td><td>Dr.&nbsp;Patricio Salvador Zain</td></tr></tbody></table></figure>



<p><strong>Consejeros Ayudantes Diplomados</strong></p>



<figure class="wp-block-table"><table><tbody><tr><th>Titulares</th></tr><tr><td>Dr. Agustin Dugaro</td></tr><tr><td>Geof. Jonatan Emmanuel Pendiuk</td></tr><tr><td><strong>Suplentes</strong></td></tr><tr><td>Geof. Solange Antonela Cassetai</td></tr></tbody></table></figure>



<p><strong>Consejeros Nodocentes</strong></p>



<figure class="wp-block-table"><table><tbody><tr><th>Titular</th><th>Suplente</th></tr><tr><td>Lic. María Florencia Catacchio</td><td>Sr. Federico Cervini</td></tr></tbody></table></figure>



<h3 class="wp-block-heading">&nbsp;</h3>



<p><strong>Consejeros Estudiantiles</strong></p>



<figure class="wp-block-table"><table><tbody><tr><td><strong>Titulares</strong></td></tr><tr><td>Magalí Schmitz</td></tr><tr><td>Matías Terpolilli</td></tr><tr><td>Martin Digby Godfrey Brand</td></tr><tr><td>Lautaro West Ocampo&nbsp;</td></tr><tr><td>Lautaro&nbsp;Armengol </td></tr><tr><td><strong>Suplentes</strong></td></tr><tr><td>&nbsp;Abril Ayllen </td></tr><tr><td>&nbsp;Ignacio Francisco Gomez</td></tr></tbody></table></figure>
</div>
</div></div>



<p></p>
