{"id":12450,"date":"2025-06-04T13:02:32","date_gmt":"2025-06-04T16:02:32","guid":{"rendered":"https:\/\/www.fcaglp.unlp.edu.ar\/?page_id=12450"},"modified":"2025-06-04T13:02:33","modified_gmt":"2025-06-04T16:02:33","slug":"descifrando-el-tiempo-herramientas-para-interpretar-los-pronosticos","status":"publish","type":"page","link":"https:\/\/www.fcaglp.unlp.edu.ar\/index.php\/descifrando-el-tiempo-herramientas-para-interpretar-los-pronosticos\/","title":{"rendered":"Descifrando el tiempo: Herramientas para interpretar los pron\u00f3sticos"},"content":{"rendered":"\n<figure class=\"wp-block-image size-full\"><img fetchpriority=\"high\" decoding=\"async\" width=\"2011\" height=\"1057\" src=\"https:\/\/www.fcaglp.unlp.edu.ar\/wp-content\/uploads\/2025\/06\/DESCIFRANDO.EL_.TIEMPO-05-1.jpg\" alt=\"\" class=\"wp-image-12451\" srcset=\"https:\/\/www.fcaglp.unlp.edu.ar\/wp-content\/uploads\/2025\/06\/DESCIFRANDO.EL_.TIEMPO-05-1.jpg 2011w, https:\/\/www.fcaglp.unlp.edu.ar\/wp-content\/uploads\/2025\/06\/DESCIFRANDO.EL_.TIEMPO-05-1-300x158.jpg 300w, https:\/\/www.fcaglp.unlp.edu.ar\/wp-content\/uploads\/2025\/06\/DESCIFRANDO.EL_.TIEMPO-05-1-1024x538.jpg 1024w, https:\/\/www.fcaglp.unlp.edu.ar\/wp-content\/uploads\/2025\/06\/DESCIFRANDO.EL_.TIEMPO-05-1-768x404.jpg 768w, https:\/\/www.fcaglp.unlp.edu.ar\/wp-content\/uploads\/2025\/06\/DESCIFRANDO.EL_.TIEMPO-05-1-1536x807.jpg 1536w\" sizes=\"(max-width: 2011px) 100vw, 2011px\" \/><\/figure>\n\n\n\n<div style=\"height:60px\" aria-hidden=\"true\" class=\"wp-block-spacer\"><\/div>\n\n\n\n<p>\ud83d\uddd3\ufe0f INICIO mi\u00e9rcoles 08\/10\/25<br>\u23f018:00 a 20:30<br>Nro de encuentros: 4 (\u00faltimo encuentro 29\/10\/25)\u00a0<br>\ud83d\udccdLugar: Sal\u00f3n Meridiano<br><br><em><strong>RESE\u00d1A<\/strong><\/em><br>En el curso Descifrando el tiempo: Herramientas para interpretar los pron\u00f3sticos, vas a conocer c\u00f3mo se elaboran los pron\u00f3sticos meteorol\u00f3gicos, qu\u00e9 herramientas se utilizan y cu\u00e1les son sus principales alcances y limitaciones. No es necesario tener conocimientos previos en meteorolog\u00eda: el objetivo es brindar herramientas que te permitan comprender mejor la informaci\u00f3n meteorol\u00f3gica, interpretar los distintos tipos de pron\u00f3sticos y alertas, y reconocer la incertidumbre que conlleva anticipar el estado del tiempo.<br>Responsable: Serena Sanchez\u00a0<\/p>\n\n\n\n<p><strong><a href=\"https:\/\/forms.gle\/Rey9PD6WNG5eya6b6\" title=\"\">INSCRIPCI\u00d3N AC\u00c1<\/a><\/strong><\/p>\n","protected":false},"excerpt":{"rendered":"<p>\ud83d\uddd3\ufe0f INICIO mi\u00e9rcoles 08\/10\/25\u23f018:00 a 20:30Nro de encuentros: 4 (\u00faltimo encuentro 29\/10\/25)\u00a0\ud83d\udccdLugar: Sal\u00f3n Meridiano RESE\u00d1AEn el curso Descifrando el tiempo: Herramientas para interpretar los pron\u00f3sticos, vas a conocer c\u00f3mo se elaboran los pron\u00f3sticos meteorol\u00f3gicos, qu\u00e9 herramientas se utilizan y cu\u00e1les son sus principales alcances y limitaciones. No es necesario tener conocimientos previos en meteorolog\u00eda: el&hellip;&nbsp;<a href=\"https:\/\/www.fcaglp.unlp.edu.ar\/index.php\/descifrando-el-tiempo-herramientas-para-interpretar-los-pronosticos\/\" rel=\"bookmark\">Read More &raquo;<span class=\"screen-reader-text\">Descifrando el tiempo: Herramientas para interpretar los pron\u00f3sticos<\/span><\/a><\/p>\n","protected":false},"author":3,"featured_media":0,"parent":0,"menu_order":0,"comment_status":"closed","ping_status":"closed","template":"","meta":{"neve_meta_sidebar":"","neve_meta_container":"","neve_meta_enable_content_width":"","neve_meta_content_width":0,"neve_meta_title_alignment":"","neve_meta_author_avatar":"","neve_post_elements_order":"","neve_meta_disable_header":"","neve_meta_disable_footer":"","neve_meta_disable_title":"","neve_meta_reading_time":"","_themeisle_gutenberg_block_has_review":false,"footnotes":""},"class_list":["post-12450","page","type-page","status-publish","hentry"],"aioseo_notices":[],"_links":{"self":[{"href":"https:\/\/www.fcaglp.unlp.edu.ar\/index.php\/wp-json\/wp\/v2\/pages\/12450","targetHints":{"allow":["GET"]}}],"collection":[{"href":"https:\/\/www.fcaglp.unlp.edu.ar\/index.php\/wp-json\/wp\/v2\/pages"}],"about":[{"href":"https:\/\/www.fcaglp.unlp.edu.ar\/index.php\/wp-json\/wp\/v2\/types\/page"}],"author":[{"embeddable":true,"href":"https:\/\/www.fcaglp.unlp.edu.ar\/index.php\/wp-json\/wp\/v2\/users\/3"}],"replies":[{"embeddable":true,"href":"https:\/\/www.fcaglp.unlp.edu.ar\/index.php\/wp-json\/wp\/v2\/comments?post=12450"}],"version-history":[{"count":1,"href":"https:\/\/www.fcaglp.unlp.edu.ar\/index.php\/wp-json\/wp\/v2\/pages\/12450\/revisions"}],"predecessor-version":[{"id":12452,"href":"https:\/\/www.fcaglp.unlp.edu.ar\/index.php\/wp-json\/wp\/v2\/pages\/12450\/revisions\/12452"}],"wp:attachment":[{"href":"https:\/\/www.fcaglp.unlp.edu.ar\/index.php\/wp-json\/wp\/v2\/media?parent=12450"}],"curies":[{"name":"wp","href":"https:\/\/api.w.org\/{rel}","templated":true}]}}